CRAN Package Check Results for Package bWGR

Last updated on 2020-02-21 17:47:42 CET.

Flavor Version Tinstall Tcheck Ttotal Status Flags
r-devel-linux-x86_64-debian-clang 1.6.6 52.55 31.54 84.09 OK
r-devel-linux-x86_64-debian-gcc 1.6.6 38.08 24.59 62.67 OK
r-devel-linux-x86_64-fedora-clang 1.6.6 102.37 NOTE
r-devel-linux-x86_64-fedora-gcc 1.6.6 103.33 OK
r-devel-windows-ix86+x86_64 1.6.6 73.00 64.00 137.00 OK
r-devel-windows-ix86+x86_64-gcc8 1.6.6 102.00 89.00 191.00 OK
r-patched-linux-x86_64 1.6.6 46.49 28.72 75.21 OK
r-patched-solaris-x86 1.6.6 103.50 OK
r-release-linux-x86_64 1.6.6 46.55 28.30 74.85 OK
r-release-windows-ix86+x86_64 1.6.6 67.00 62.00 129.00 OK
r-release-osx-x86_64 1.6.6 OK
r-oldrel-windows-ix86+x86_64 1.6.6 64.00 60.00 124.00 OK
r-oldrel-osx-x86_64 1.6.6 OK

Check Details

Version: 1.6.6
Check: installed package size
Result: NOTE
     installed size is 5.9Mb
     sub-directories of 1Mb or more:
     libs 5.7Mb
Flavor: r-devel-linux-x86_64-fedora-clang