CRAN Package Check Results for Package aweek

Last updated on 2021-06-16 09:53:15 CEST.

Flavor Version Tinstall Tcheck Ttotal Status Flags
r-devel-linux-x86_64-debian-clang 1.0.2 2.66 29.59 32.25 NOTE
r-devel-linux-x86_64-debian-gcc 1.0.2 2.01 23.92 25.93 NOTE
r-devel-linux-x86_64-fedora-clang 1.0.2 48.00 NOTE
r-devel-linux-x86_64-fedora-gcc 1.0.2 38.51 NOTE
r-devel-windows-x86_64 1.0.2 5.00 47.00 52.00 NOTE
r-devel-windows-x86_64-gcc10-UCRT 1.0.2 NOTE
r-patched-linux-x86_64 1.0.2 2.31 28.75 31.06 NOTE
r-patched-solaris-x86 1.0.2 61.10 NOTE
r-release-linux-x86_64 1.0.2 2.18 28.96 31.14 NOTE
r-release-macos-arm64 1.0.2 NOTE
r-release-macos-x86_64 1.0.2 NOTE
r-release-windows-ix86+x86_64 1.0.2 6.00 50.00 56.00 NOTE
r-oldrel-macos-x86_64 1.0.2 OK
r-oldrel-windows-ix86+x86_64 1.0.2 5.00 53.00 58.00 OK

Check Details

Version: 1.0.2
Check: LazyData
Result: NOTE
     'LazyData' is specified without a 'data' directory
Flavors: r-devel-linux-x86_64-debian-clang, r-devel-linux-x86_64-debian-gcc, r-devel-linux-x86_64-fedora-clang, r-devel-linux-x86_64-fedora-gcc, r-devel-windows-x86_64, r-devel-windows-x86_64-gcc10-UCRT, r-patched-linux-x86_64, r-patched-solaris-x86, r-release-linux-x86_64, r-release-macos-arm64, r-release-macos-x86_64, r-release-windows-ix86+x86_64