CRAN Package Check Results for Package autota

Last updated on 2021-04-15 09:49:52 CEST.

Flavor Version Tinstall Tcheck Ttotal Status Flags
r-devel-linux-x86_64-debian-clang 0.1.3 3.59 34.10 37.69 NOTE
r-devel-linux-x86_64-debian-gcc 0.1.3 2.81 25.51 28.32 NOTE
r-devel-linux-x86_64-fedora-clang 0.1.3 54.78 NOTE
r-devel-linux-x86_64-fedora-gcc 0.1.3 55.19 NOTE
r-devel-windows-ix86+x86_64 0.1.3 8.00 51.00 59.00 NOTE
r-devel-windows-x86_64-gcc10-UCRT 0.1.3 NOTE
r-patched-linux-x86_64 0.1.3 3.20 31.52 34.72 OK
r-patched-solaris-x86 0.1.3 73.20 NOTE
r-release-linux-x86_64 0.1.3 3.27 31.44 34.71 OK
r-release-macos-x86_64 0.1.3 NOTE
r-release-windows-ix86+x86_64 0.1.3 18.00 64.00 82.00 OK
r-oldrel-macos-x86_64 0.1.3 NOTE
r-oldrel-windows-ix86+x86_64 0.1.3 6.00 38.00 44.00 OK

Check Details

Version: 0.1.3
Check: LazyData
Result: NOTE
     'LazyData' is specified without a 'data' directory
Flavors: r-devel-linux-x86_64-debian-clang, r-devel-linux-x86_64-debian-gcc, r-devel-linux-x86_64-fedora-clang, r-devel-linux-x86_64-fedora-gcc, r-devel-windows-ix86+x86_64, r-devel-windows-x86_64-gcc10-UCRT

Version: 0.1.3
Check: dependencies in R code
Result: NOTE
    Namespace in Imports field not imported from: ‘memoise’
     All declared Imports should be used.
Flavors: r-devel-linux-x86_64-fedora-clang, r-devel-linux-x86_64-fedora-gcc, r-devel-windows-x86_64-gcc10-UCRT, r-patched-solaris-x86, r-release-macos-x86_64, r-oldrel-macos-x86_64