CRAN Package Check Results for Package aurelius

Last updated on 2021-04-15 09:49:52 CEST.

Flavor Version Tinstall Tcheck Ttotal Status Flags
r-devel-linux-x86_64-debian-clang 0.8.4 12.62 106.77 119.39 NOTE
r-devel-linux-x86_64-debian-gcc 0.8.4 10.41 81.23 91.64 NOTE
r-devel-linux-x86_64-fedora-clang 0.8.4 148.89 NOTE
r-devel-linux-x86_64-fedora-gcc 0.8.4 147.05 NOTE
r-devel-windows-ix86+x86_64 0.8.4 24.00 147.00 171.00 NOTE
r-devel-windows-x86_64-gcc10-UCRT 0.8.4 NOTE
r-patched-linux-x86_64 0.8.4 11.16 100.43 111.59 NOTE
r-patched-solaris-x86 0.8.4 205.40 NOTE
r-release-linux-x86_64 0.8.4 11.62 102.35 113.97 NOTE
r-release-macos-x86_64 0.8.4 NOTE
r-release-windows-ix86+x86_64 0.8.4 19.00 168.00 187.00 NOTE
r-oldrel-macos-x86_64 0.8.4 OK
r-oldrel-windows-ix86+x86_64 0.8.4 21.00 105.00 126.00 NOTE

Check Details

Version: 0.8.4
Check: package dependencies
Result: NOTE
    Package which this enhances but not available for checking: 'rPython'
Flavors: r-devel-linux-x86_64-debian-clang, r-devel-linux-x86_64-debian-gcc, r-devel-linux-x86_64-fedora-clang, r-devel-linux-x86_64-fedora-gcc, r-devel-windows-ix86+x86_64, r-devel-windows-x86_64-gcc10-UCRT, r-patched-linux-x86_64, r-patched-solaris-x86, r-release-linux-x86_64, r-release-macos-x86_64, r-release-windows-ix86+x86_64, r-oldrel-windows-ix86+x86_64

Version: 0.8.4
Check: LazyData
Result: NOTE
     'LazyData' is specified without a 'data' directory
Flavors: r-devel-linux-x86_64-debian-clang, r-devel-linux-x86_64-debian-gcc, r-devel-linux-x86_64-fedora-clang, r-devel-linux-x86_64-fedora-gcc, r-devel-windows-ix86+x86_64, r-devel-windows-x86_64-gcc10-UCRT