CRAN Package Check Results for Package auk

Last updated on 2021-04-15 09:49:52 CEST.

Flavor Version Tinstall Tcheck Ttotal Status Flags
r-devel-linux-x86_64-debian-clang 0.4.3 5.84 82.10 87.94 OK
r-devel-linux-x86_64-debian-gcc 0.4.3 4.62 62.56 67.18 OK
r-devel-linux-x86_64-fedora-clang 0.4.3 113.70 NOTE
r-devel-linux-x86_64-fedora-gcc 0.4.3 104.34 NOTE
r-devel-windows-ix86+x86_64 0.4.3 13.00 127.00 140.00 OK
r-devel-windows-x86_64-gcc10-UCRT 0.4.3 NOTE
r-patched-linux-x86_64 0.4.3 5.32 79.07 84.39 OK
r-patched-solaris-x86 0.4.3 156.40 NOTE
r-release-linux-x86_64 0.4.3 4.95 81.16 86.11 OK
r-release-macos-x86_64 0.4.3 NOTE
r-release-windows-ix86+x86_64 0.4.3 20.00 132.00 152.00 OK
r-oldrel-macos-x86_64 0.4.3 NOTE
r-oldrel-windows-ix86+x86_64 0.4.3 8.00 89.00 97.00 OK

Check Details

Version: 0.4.3
Check: data for non-ASCII characters
Result: NOTE
     Note: found 552 marked UTF-8 strings
Flavors: r-devel-linux-x86_64-fedora-clang, r-devel-linux-x86_64-fedora-gcc, r-devel-windows-x86_64-gcc10-UCRT, r-patched-solaris-x86, r-release-macos-x86_64, r-oldrel-macos-x86_64