CRAN Package Check Results for Package ashr

Last updated on 2021-06-21 09:52:31 CEST.

Flavor Version Tinstall Tcheck Ttotal Status Flags
r-devel-linux-x86_64-debian-clang 2.2-47 28.99 218.38 247.37 NOTE
r-devel-linux-x86_64-debian-gcc 2.2-47 22.38 140.15 162.53 NOTE
r-devel-linux-x86_64-fedora-clang 2.2-47 294.59 NOTE
r-devel-linux-x86_64-fedora-gcc 2.2-47 264.51 NOTE
r-devel-windows-x86_64 2.2-47 39.00 223.00 262.00 NOTE
r-devel-windows-x86_64-gcc10-UCRT 2.2-47 NOTE
r-patched-linux-x86_64 2.2-47 24.96 195.23 220.19 NOTE
r-patched-solaris-x86 2.2-47 383.40 NOTE
r-release-linux-x86_64 2.2-47 25.43 191.63 217.06 NOTE
r-release-macos-arm64 2.2-47 NOTE
r-release-macos-x86_64 2.2-47 NOTE
r-release-windows-ix86+x86_64 2.2-47 69.00 374.00 443.00 NOTE
r-oldrel-macos-x86_64 2.2-47 OK

Check Details

Version: 2.2-47
Check: LazyData
Result: NOTE
     'LazyData' is specified without a 'data' directory
Flavors: r-devel-linux-x86_64-debian-clang, r-devel-linux-x86_64-debian-gcc, r-devel-linux-x86_64-fedora-clang, r-devel-linux-x86_64-fedora-gcc, r-devel-windows-x86_64, r-devel-windows-x86_64-gcc10-UCRT, r-patched-linux-x86_64, r-patched-solaris-x86, r-release-linux-x86_64, r-release-macos-arm64, r-release-macos-x86_64, r-release-windows-ix86+x86_64

Version: 2.2-47
Check: package dependencies
Result: NOTE
    Package suggested but not available for checking: ‘REBayes’
Flavor: r-patched-solaris-x86