CRAN Package Check Results for Package arrow

Last updated on 2020-03-30 20:48:21 CEST.

Flavor Version Tinstall Tcheck Ttotal Status Flags
r-devel-linux-x86_64-debian-clang 0.16.0.2 265.38 61.29 326.67 OK
r-devel-linux-x86_64-debian-gcc 0.16.0.2 158.97 47.93 206.90 OK
r-devel-windows-ix86+x86_64 0.16.0.2 971.00 220.00 1191.00 NOTE
r-devel-windows-ix86+x86_64-gcc8 0.16.0.2 916.00 198.00 1114.00 NOTE
r-patched-linux-x86_64 0.16.0.2 204.08 59.73 263.81 OK
r-release-linux-x86_64 0.16.0.2 188.71 55.54 244.25 OK
r-release-windows-ix86+x86_64 0.16.0.2 1470.00 254.00 1724.00 NOTE
r-release-osx-x86_64 0.16.0.2 NOTE
r-oldrel-windows-ix86+x86_64 0.16.0.2 1442.00 243.00 1685.00 NOTE
r-oldrel-osx-x86_64 0.16.0.2 NOTE

Check Details

Version: 0.16.0.2
Check: installed package size
Result: NOTE
     installed size is 27.6Mb
     sub-directories of 1Mb or more:
     R 3.2Mb
     libs 24.1Mb
Flavors: r-devel-windows-ix86+x86_64, r-devel-windows-ix86+x86_64-gcc8, r-release-windows-ix86+x86_64, r-release-osx-x86_64, r-oldrel-windows-ix86+x86_64, r-oldrel-osx-x86_64