CRAN Package Check Results for Package arkdb

Last updated on 2020-03-30 20:48:21 CEST.

Flavor Version Tinstall Tcheck Ttotal Status Flags
r-devel-linux-x86_64-debian-clang 0.0.5 3.23 213.79 217.02 NOTE
r-devel-linux-x86_64-debian-gcc 0.0.5 2.54 169.24 171.78 NOTE
r-devel-linux-x86_64-fedora-clang 0.0.5 266.44 NOTE
r-devel-linux-x86_64-fedora-gcc 0.0.5 269.23 NOTE
r-devel-windows-ix86+x86_64 0.0.5 9.00 265.00 274.00 OK
r-devel-windows-ix86+x86_64-gcc8 0.0.5 8.00 230.00 238.00 NOTE
r-patched-linux-x86_64 0.0.5 3.20 215.73 218.93 NOTE
r-patched-solaris-x86 0.0.5 354.70 NOTE
r-release-linux-x86_64 0.0.5 2.95 202.65 205.60 NOTE
r-release-windows-ix86+x86_64 0.0.5 10.00 324.00 334.00 OK
r-release-osx-x86_64 0.0.5 OK
r-oldrel-windows-ix86+x86_64 0.0.5 7.00 331.00 338.00 OK
r-oldrel-osx-x86_64 0.0.5 OK

Check Details

Version: 0.0.5
Check: package dependencies
Result: NOTE
    Package suggested but not available for checking: 'MonetDBLite'
Flavors: r-devel-linux-x86_64-debian-clang, r-devel-linux-x86_64-debian-gcc, r-devel-linux-x86_64-fedora-clang, r-devel-linux-x86_64-fedora-gcc, r-devel-windows-ix86+x86_64-gcc8, r-patched-linux-x86_64, r-patched-solaris-x86, r-release-linux-x86_64