CRAN Package Check Results for Package aqp

Last updated on 2020-05-28 03:48:21 CEST.

Flavor Version Tinstall Tcheck Ttotal Status Flags
r-devel-linux-x86_64-debian-clang 1.19 13.39 137.18 150.57 OK
r-devel-linux-x86_64-debian-gcc 1.19 12.22 102.96 115.18 OK
r-devel-linux-x86_64-fedora-clang 1.19 173.86 NOTE
r-devel-linux-x86_64-fedora-gcc 1.19 174.75 NOTE
r-devel-windows-ix86+x86_64 1.19 36.00 209.00 245.00 OK
r-patched-linux-x86_64 1.19 13.84 135.20 149.04 OK
r-patched-solaris-x86 1.19 279.80 NOTE
r-release-linux-x86_64 1.19 12.57 134.85 147.42 OK
r-release-osx-x86_64 1.19 NOTE
r-release-windows-ix86+x86_64 1.19 18.00 195.00 213.00 OK
r-oldrel-osx-x86_64 1.19 NOTE
r-oldrel-windows-ix86+x86_64 1.19 27.00 148.00 175.00 OK

Check Details

Version: 1.19
Check: data for non-ASCII characters
Result: NOTE
     Note: found 1 marked Latin-1 string
Flavors: r-devel-linux-x86_64-fedora-clang, r-devel-linux-x86_64-fedora-gcc, r-patched-solaris-x86, r-release-osx-x86_64, r-oldrel-osx-x86_64