CRAN Package Check Results for Package applicable

Last updated on 2021-04-15 09:49:52 CEST.

Flavor Version Tinstall Tcheck Ttotal Status Flags
r-devel-linux-x86_64-debian-clang 0.0.1.2 10.88 183.73 194.61 OK
r-devel-linux-x86_64-debian-gcc 0.0.1.2 8.74 137.67 146.41 OK
r-devel-linux-x86_64-fedora-clang 0.0.1.2 242.45 OK
r-devel-linux-x86_64-fedora-gcc 0.0.1.2 231.87 OK
r-devel-windows-ix86+x86_64 0.0.1.2 27.00 176.00 203.00 OK
r-devel-windows-x86_64-gcc10-UCRT 0.0.1.2 ERROR
r-patched-linux-x86_64 0.0.1.2 10.41 174.69 185.10 OK
r-patched-solaris-x86 0.0.1.2 371.60 OK
r-release-linux-x86_64 0.0.1.2 10.71 173.18 183.89 OK
r-release-macos-x86_64 0.0.1.2 OK
r-release-windows-ix86+x86_64 0.0.1.2 32.00 181.00 213.00 OK
r-oldrel-macos-x86_64 0.0.1.2 OK
r-oldrel-windows-ix86+x86_64 0.0.1.2 16.00 129.00 145.00 OK

Check Details

Version: 0.0.1.2
Check: package dependencies
Result: ERROR
    Package required but not available: 'proxyC'
    
    See section 'The DESCRIPTION file' in the 'Writing R Extensions'
    manual.
Flavor: r-devel-windows-x86_64-gcc10-UCRT