CRAN Package Check Results for Package antaresEditObject

Last updated on 2020-02-28 22:53:26 CET.

Flavor Version Tinstall Tcheck Ttotal Status Flags
r-devel-linux-x86_64-debian-clang 0.1.9 6.21 154.69 160.90 ERROR
r-devel-linux-x86_64-debian-gcc 0.1.9 5.08 114.23 119.31 ERROR
r-devel-linux-x86_64-fedora-clang 0.1.9 177.16 OK
r-devel-linux-x86_64-fedora-gcc 0.1.9 171.06 OK
r-devel-windows-ix86+x86_64 0.1.9 21.00 305.00 326.00 OK
r-devel-windows-ix86+x86_64-gcc8 0.1.9 21.00 214.00 235.00 OK
r-patched-linux-x86_64 0.1.9 5.49 134.30 139.79 OK
r-patched-solaris-x86 0.1.9 181.30 OK
r-release-linux-x86_64 0.1.9 5.28 135.42 140.70 OK
r-release-windows-ix86+x86_64 0.1.9 11.00 317.00 328.00 OK
r-release-osx-x86_64 0.1.9 OK
r-oldrel-windows-ix86+x86_64 0.1.9 7.00 209.00 216.00 OK
r-oldrel-osx-x86_64 0.1.9 OK

Check Details

Version: 0.1.9
Check: tests
Result: ERROR
     Running 'testthat.R' [107s/95s]
    Running the tests in 'tests/testthat.R' failed.
    Complete output:
     > #Copyright © 2016 RTE Réseau de transport dâ<c2><80><c2><99>électricité
     >
     > library(testthat)
     > library(antaresEditObject)
     Loading required package: antaresRead
     >
     > test_check("antaresEditObject")
     -- 1. Failure: Create a new link (@test-createLink.R#18) ----------------------
     paste(areas, collapse = " - ") %in% levels(antaresRead::getLinks()) isn't true.
    
     -- 2. Failure: Create a new link - respect alphabetical order (@test-createLink.
     paste(areas, collapse = " - ") %in% levels(antaresRead::getLinks()) isn't true.
    
     -- 3. Failure: Create a link with default properties (@test-createLink.R#61) --
     paste(areas, collapse = " - ") %in% levels(antaresRead::getLinks()) isn't true.
    
     -- 4. Failure: Create a new link (@test-createLink.R#18) ----------------------
     paste(areas, collapse = " - ") %in% levels(antaresRead::getLinks()) isn't true.
    
     -- 5. Failure: Create a new link - respect alphabetical order (@test-createLink.
     paste(areas, collapse = " - ") %in% levels(antaresRead::getLinks()) isn't true.
    
     -- 6. Failure: Create a link with default properties (@test-createLink.R#61) --
     paste(areas, collapse = " - ") %in% levels(antaresRead::getLinks()) isn't true.
    
     Scenario Builder updated
     Scenario Builder updated
     Scenario Builder updated
     Scenario Builder updated
     == testthat results ===========================================================
     [ OK: 366 | SKIPPED: 0 | WARNINGS: 0 | FAILED: 6 ]
     1. Failure: Create a new link (@test-createLink.R#18)
     2. Failure: Create a new link - respect alphabetical order (@test-createLink.R#27)
     3. Failure: Create a link with default properties (@test-createLink.R#61)
     4. Failure: Create a new link (@test-createLink.R#18)
     5. Failure: Create a new link - respect alphabetical order (@test-createLink.R#27)
     6. Failure: Create a link with default properties (@test-createLink.R#61)
    
     Error: testthat unit tests failed
     Execution halted
Flavor: r-devel-linux-x86_64-debian-clang

Version: 0.1.9
Check: tests
Result: ERROR
     Running ‘testthat.R’ [76s/105s]
    Running the tests in ‘tests/testthat.R’ failed.
    Complete output:
     > #Copyright © 2016 RTE Réseau de transport d’électricité
     >
     > library(testthat)
     > library(antaresEditObject)
     Loading required package: antaresRead
     >
     > test_check("antaresEditObject")
     ── 1. Failure: Create a new link (@test-createLink.R#18) ──────────────────────
     paste(areas, collapse = " - ") %in% levels(antaresRead::getLinks()) isn't true.
    
     ── 2. Failure: Create a new link - respect alphabetical order (@test-createLink.
     paste(areas, collapse = " - ") %in% levels(antaresRead::getLinks()) isn't true.
    
     ── 3. Failure: Create a link with default properties (@test-createLink.R#61) ──
     paste(areas, collapse = " - ") %in% levels(antaresRead::getLinks()) isn't true.
    
     ── 4. Failure: Create a new link (@test-createLink.R#18) ──────────────────────
     paste(areas, collapse = " - ") %in% levels(antaresRead::getLinks()) isn't true.
    
     ── 5. Failure: Create a new link - respect alphabetical order (@test-createLink.
     paste(areas, collapse = " - ") %in% levels(antaresRead::getLinks()) isn't true.
    
     ── 6. Failure: Create a link with default properties (@test-createLink.R#61) ──
     paste(areas, collapse = " - ") %in% levels(antaresRead::getLinks()) isn't true.
    
     Scenario Builder updated
     Scenario Builder updated
     Scenario Builder updated
     Scenario Builder updated
     ══ testthat results ═══════════════════════════════════════════════════════════
     [ OK: 366 | SKIPPED: 0 | WARNINGS: 0 | FAILED: 6 ]
     1. Failure: Create a new link (@test-createLink.R#18)
     2. Failure: Create a new link - respect alphabetical order (@test-createLink.R#27)
     3. Failure: Create a link with default properties (@test-createLink.R#61)
     4. Failure: Create a new link (@test-createLink.R#18)
     5. Failure: Create a new link - respect alphabetical order (@test-createLink.R#27)
     6. Failure: Create a link with default properties (@test-createLink.R#61)
    
     Error: testthat unit tests failed
     Execution halted
Flavor: r-devel-linux-x86_64-debian-gcc