CRAN Package Check Results for Package ambient

Last updated on 2021-04-15 09:49:51 CEST.

Flavor Version Tinstall Tcheck Ttotal Status Flags
r-devel-linux-x86_64-debian-clang 1.0.0 61.54 48.47 110.01 NOTE
r-devel-linux-x86_64-debian-gcc 1.0.0 36.85 37.95 74.80 NOTE
r-devel-linux-x86_64-fedora-clang 1.0.0 160.99 NOTE
r-devel-linux-x86_64-fedora-gcc 1.0.0 132.67 NOTE
r-devel-windows-ix86+x86_64 1.0.0 135.00 116.00 251.00 NOTE
r-devel-windows-x86_64-gcc10-UCRT 1.0.0 NOTE
r-patched-linux-x86_64 1.0.0 45.03 46.94 91.97 OK
r-patched-solaris-x86 1.0.0 152.30 OK
r-release-linux-x86_64 1.0.0 42.86 46.64 89.50 OK
r-release-macos-x86_64 1.0.0 OK
r-release-windows-ix86+x86_64 1.0.0 118.00 118.00 236.00 OK
r-oldrel-macos-x86_64 1.0.0 OK
r-oldrel-windows-ix86+x86_64 1.0.0 132.00 89.00 221.00 OK

Check Details

Version: 1.0.0
Check: LazyData
Result: NOTE
     'LazyData' is specified without a 'data' directory
Flavors: r-devel-linux-x86_64-debian-clang, r-devel-linux-x86_64-debian-gcc, r-devel-linux-x86_64-fedora-clang, r-devel-linux-x86_64-fedora-gcc, r-devel-windows-ix86+x86_64, r-devel-windows-x86_64-gcc10-UCRT