CRAN Package Check Results for Package almanac

Last updated on 2021-04-15 09:49:51 CEST.

Flavor Version Tinstall Tcheck Ttotal Status Flags
r-devel-linux-x86_64-debian-clang 0.1.1 11.53 149.58 161.11 NOTE
r-devel-linux-x86_64-debian-gcc 0.1.1 8.72 105.41 114.13 NOTE
r-devel-linux-x86_64-fedora-clang 0.1.1 212.51 NOTE
r-devel-linux-x86_64-fedora-gcc 0.1.1 195.72 NOTE
r-devel-windows-ix86+x86_64 0.1.1 31.00 305.00 336.00 NOTE
r-devel-windows-x86_64-gcc10-UCRT 0.1.1 NOTE
r-patched-linux-x86_64 0.1.1 9.16 144.92 154.08 OK
r-patched-solaris-x86 0.1.1 442.10 OK
r-release-linux-x86_64 0.1.1 8.52 144.54 153.06 OK
r-release-macos-x86_64 0.1.1 OK
r-release-windows-ix86+x86_64 0.1.1 32.00 310.00 342.00 OK
r-oldrel-macos-x86_64 0.1.1 OK
r-oldrel-windows-ix86+x86_64 0.1.1 31.00 246.00 277.00 OK

Check Details

Version: 0.1.1
Check: LazyData
Result: NOTE
     'LazyData' is specified without a 'data' directory
Flavors: r-devel-linux-x86_64-debian-clang, r-devel-linux-x86_64-debian-gcc, r-devel-linux-x86_64-fedora-clang, r-devel-linux-x86_64-fedora-gcc, r-devel-windows-ix86+x86_64, r-devel-windows-x86_64-gcc10-UCRT