CRAN Package Check Results for Package aliases2entrez

Last updated on 2020-03-30 20:48:21 CEST.

Flavor Version Tinstall Tcheck Ttotal Status Flags
r-devel-linux-x86_64-debian-clang 0.1.0 16.00 131.25 147.25 OK
r-devel-linux-x86_64-debian-gcc 0.1.0 12.78 100.02 112.80 OK
r-devel-linux-x86_64-fedora-clang 0.1.0 173.52 OK
r-devel-linux-x86_64-fedora-gcc 0.1.0 172.82 OK
r-devel-windows-ix86+x86_64 0.1.0 5.00 6.00 11.00 ERROR
r-devel-windows-ix86+x86_64-gcc8 0.1.0 6.00 7.00 13.00 ERROR
r-patched-linux-x86_64 0.1.0 16.18 126.79 142.97 OK
r-patched-solaris-x86 0.1.0 259.40 OK
r-release-linux-x86_64 0.1.0 13.37 112.07 125.44 OK
r-release-windows-ix86+x86_64 0.1.0 43.00 164.00 207.00 OK
r-release-osx-x86_64 0.1.0 ERROR
r-oldrel-windows-ix86+x86_64 0.1.0 24.00 169.00 193.00 OK
r-oldrel-osx-x86_64 0.1.0 OK

Check Details

Version: 0.1.0
Check: whether package can be installed
Result: ERROR
    Installation failed.
Flavors: r-devel-windows-ix86+x86_64, r-devel-windows-ix86+x86_64-gcc8

Version: 0.1.0
Check: package dependencies
Result: ERROR
    Package required but not available: ‘org.Hs.eg.db’
    
    See section ‘The DESCRIPTION file’ in the ‘Writing R Extensions’
    manual.
Flavor: r-release-osx-x86_64