CRAN Package Check Results for Package alfred

Last updated on 2021-04-15 09:49:51 CEST.

Flavor Version Tinstall Tcheck Ttotal Status Flags
r-devel-linux-x86_64-debian-clang 0.1.11 5.52 56.53 62.05 WARN
r-devel-linux-x86_64-debian-gcc 0.1.11 4.44 44.88 49.32 NOTE
r-devel-linux-x86_64-fedora-clang 0.1.11 84.24 NOTE
r-devel-linux-x86_64-fedora-gcc 0.1.11 74.84 NOTE
r-devel-windows-ix86+x86_64 0.1.11 14.00 80.00 94.00 NOTE
r-devel-windows-x86_64-gcc10-UCRT 0.1.11 NOTE
r-patched-linux-x86_64 0.1.11 5.93 52.27 58.20 WARN
r-patched-solaris-x86 0.1.11 115.30 OK
r-release-linux-x86_64 0.1.11 5.53 55.57 61.10 OK
r-release-macos-x86_64 0.1.11 OK
r-release-windows-ix86+x86_64 0.1.11 28.00 77.00 105.00 WARN
r-oldrel-macos-x86_64 0.1.11 OK
r-oldrel-windows-ix86+x86_64 0.1.11 9.00 58.00 67.00 OK

Check Details

Version: 0.1.11
Check: LazyData
Result: NOTE
     'LazyData' is specified without a 'data' directory
Flavors: r-devel-linux-x86_64-debian-clang, r-devel-linux-x86_64-debian-gcc, r-devel-linux-x86_64-fedora-clang, r-devel-linux-x86_64-fedora-gcc, r-devel-windows-ix86+x86_64, r-devel-windows-x86_64-gcc10-UCRT

Version: 0.1.11
Check: re-building of vignette outputs
Result: WARN
    Error(s) in re-building vignettes:
     ...
    --- re-building 'alfred.Rmd' using rmarkdown
    Quitting from lines 43-46 (alfred.Rmd)
    Error: processing vignette 'alfred.Rmd' failed with diagnostics:
    object 'indpro' not found
    --- failed re-building 'alfred.Rmd'
    
    SUMMARY: processing the following file failed:
     'alfred.Rmd'
    
    Error: Vignette re-building failed.
    Execution halted
Flavors: r-devel-linux-x86_64-debian-clang, r-patched-linux-x86_64

Version: 0.1.11
Check: re-building of vignette outputs
Result: WARN
    Error(s) in re-building vignettes:
    --- re-building 'alfred.Rmd' using rmarkdown
    Quitting from lines 43-46 (alfred.Rmd)
    Error: processing vignette 'alfred.Rmd' failed with diagnostics:
    object 'indpro' not found
    --- failed re-building 'alfred.Rmd'
    
    SUMMARY: processing the following file failed:
     'alfred.Rmd'
    
    Error: Vignette re-building failed.
    Execution halted
Flavor: r-release-windows-ix86+x86_64