CRAN Package Check Results for Package akmedoids

Last updated on 2020-02-27 17:50:48 CET.

Flavor Version Tinstall Tcheck Ttotal Status Flags
r-devel-linux-x86_64-debian-clang 0.1.5 14.09 132.46 146.55 OK
r-devel-linux-x86_64-debian-gcc 0.1.5 12.61 103.42 116.03 OK
r-devel-linux-x86_64-fedora-clang 0.1.5 182.54 OK
r-devel-linux-x86_64-fedora-gcc 0.1.5 181.90 OK
r-devel-windows-ix86+x86_64 0.1.5 34.00 142.00 176.00 OK
r-devel-windows-ix86+x86_64-gcc8 0.1.5 35.00 137.00 172.00 OK
r-patched-linux-x86_64 0.1.5 11.37 116.33 127.70 OK
r-patched-solaris-x86 0.1.5 237.80 OK
r-release-linux-x86_64 0.1.5 13.65 115.87 129.52 OK
r-release-windows-ix86+x86_64 0.1.5 29.00 134.00 163.00 OK
r-release-osx-x86_64 0.1.5 WARN
r-oldrel-windows-ix86+x86_64 0.1.5 15.00 126.00 141.00 OK
r-oldrel-osx-x86_64 0.1.5 WARN

Check Details

Version: 0.1.5
Check: whether package can be installed
Result: WARN
    Found the following significant warnings:
     Warning: 'rgl_init' failed, running with rgl.useNULL = TRUE
Flavors: r-release-osx-x86_64, r-oldrel-osx-x86_64

Version: 0.1.5
Check: dependencies in R code
Result: NOTE
    No protocol specified
Flavors: r-release-osx-x86_64, r-oldrel-osx-x86_64

Version: 0.1.5
Check: S3 generic/method consistency
Result: WARN
    No protocol specified
    See section ‘Generic functions and methods’ in the ‘Writing R
    Extensions’ manual.
Flavors: r-release-osx-x86_64, r-oldrel-osx-x86_64

Version: 0.1.5
Check: replacement functions
Result: WARN
    No protocol specified
    The argument of a replacement function which corresponds to the right
    hand side must be named ‘value’.
Flavors: r-release-osx-x86_64, r-oldrel-osx-x86_64

Version: 0.1.5
Check: foreign function calls
Result: NOTE
    No protocol specified
    See chapter ‘System and foreign language interfaces’ in the ‘Writing R
    Extensions’ manual.
Flavors: r-release-osx-x86_64, r-oldrel-osx-x86_64

Version: 0.1.5
Check: R code for possible problems
Result: NOTE
    No protocol specified
Flavors: r-release-osx-x86_64, r-oldrel-osx-x86_64

Version: 0.1.5
Check: for missing documentation entries
Result: WARN
    No protocol specified
    All user-level objects in a package should have documentation entries.
    See chapter ‘Writing R documentation files’ in the ‘Writing R
    Extensions’ manual.
Flavors: r-release-osx-x86_64, r-oldrel-osx-x86_64

Version: 0.1.5
Check: for code/documentation mismatches
Result: WARN
    No protocol specified
    No protocol specified
    No protocol specified
Flavors: r-release-osx-x86_64, r-oldrel-osx-x86_64

Version: 0.1.5
Check: Rd \usage sections
Result: NOTE
    No protocol specified
    The \usage entries for S3 methods should use the \method markup and not
    their full name.
    See chapter ‘Writing R documentation files’ in the ‘Writing R
    Extensions’ manual.
Flavors: r-release-osx-x86_64, r-oldrel-osx-x86_64