CRAN Package Check Results for Package akc

Last updated on 2021-04-15 09:49:51 CEST.

Flavor Version Tinstall Tcheck Ttotal Status Flags
r-devel-linux-x86_64-debian-clang 0.9.5 13.26 173.98 187.24 OK
r-devel-linux-x86_64-debian-gcc 0.9.5 11.27 130.58 141.85 OK
r-devel-linux-x86_64-fedora-clang 0.9.5 237.00 OK
r-devel-linux-x86_64-fedora-gcc 0.9.5 217.65 OK
r-devel-windows-ix86+x86_64 0.9.5 35.00 200.00 235.00 OK
r-devel-windows-x86_64-gcc10-UCRT 0.9.5 ERROR
r-patched-linux-x86_64 0.9.5 13.87 161.07 174.94 OK
r-patched-solaris-x86 0.9.5 329.50 OK
r-release-linux-x86_64 0.9.5 12.36 161.49 173.85 OK
r-release-macos-x86_64 0.9.5 OK
r-release-windows-ix86+x86_64 0.9.5 38.00 208.00 246.00 OK
r-oldrel-macos-x86_64 0.9.5 OK
r-oldrel-windows-ix86+x86_64 0.9.5 19.00 125.00 144.00 ERROR

Check Details

Version: 0.9.5
Check: package dependencies
Result: ERROR
    Package required but not available: 'textstem'
    
    See section 'The DESCRIPTION file' in the 'Writing R Extensions'
    manual.
Flavor: r-devel-windows-x86_64-gcc10-UCRT

Version: 0.9.5
Check: examples
Result: ERROR
    Running examples in 'akc-Ex.R' failed
    The error most likely occurred in:
    
    > ### Name: doc_group
    > ### Title: Construct network of documents based on keyword co-occurrence
    > ### Aliases: doc_group
    >
    > ### ** Examples
    >
    > library(akc)
    > bibli_data_table %>%
    + keyword_clean(id = "id",keyword = "keyword") %>%
    + doc_group(id = "id",keyword = "keyword") -> grouped_doc
    Warning: `distinct_()` was deprecated in dplyr 0.7.0.
    Please use `distinct()` instead.
    See vignette('programming') for more help
    This warning is displayed once every 8 hours.
    Call `lifecycle::last_warnings()` to see where this warning was generated.
    Warning: `tbl_df()` was deprecated in dplyr 1.0.0.
    Please use `tibble::as_tibble()` instead.
    This warning is displayed once every 8 hours.
    Call `lifecycle::last_warnings()` to see where this warning was generated.
    Error in `colnames<-`(`*tmp*`, value = c("item1", "item2", "value")) :
     attempt to set 'colnames' on an object with less than two dimensions
    Calls: %>% ... %>% -> tbl_df -> as_tibble -> custom_melt -> colnames<-
    Execution halted
Flavor: r-oldrel-windows-ix86+x86_64

Version: 0.9.5
Check: re-building of vignette outputs
Result: WARN
    Error(s) in re-building vignettes:
    --- re-building 'akc_vignette.Rmd' using rmarkdown
    Quitting from lines 75-79 (akc_vignette.Rmd)
    Error: processing vignette 'akc_vignette.Rmd' failed with diagnostics:
    attempt to set 'colnames' on an object with less than two dimensions
    --- failed re-building 'akc_vignette.Rmd'
    
    --- re-building 'tutorial_raw_text.Rmd' using rmarkdown
    Quitting from lines 63-65 (tutorial_raw_text.Rmd)
    Error: processing vignette 'tutorial_raw_text.Rmd' failed with diagnostics:
    attempt to set 'colnames' on an object with less than two dimensions
    --- failed re-building 'tutorial_raw_text.Rmd'
    
    SUMMARY: processing the following files failed:
     'akc_vignette.Rmd' 'tutorial_raw_text.Rmd'
    
    Error: Vignette re-building failed.
    Execution halted
Flavor: r-oldrel-windows-ix86+x86_64