CRAN Package Check Results for Package aire.zmvm

Last updated on 2020-07-06 21:50:09 CEST.

Flavor Version Tinstall Tcheck Ttotal Status Flags
r-devel-linux-x86_64-debian-clang 0.8.2 8.79 63.06 71.85 OK
r-devel-linux-x86_64-debian-gcc 0.8.2 7.13 48.54 55.67 OK
r-devel-linux-x86_64-fedora-clang 0.8.2 96.24 NOTE
r-devel-linux-x86_64-fedora-gcc 0.8.2 85.80 NOTE
r-devel-windows-ix86+x86_64 0.8.2 27.00 121.00 148.00 OK
r-patched-linux-x86_64 0.8.2 8.59 61.00 69.59 OK
r-patched-solaris-x86 0.8.2 121.90 NOTE
r-release-linux-x86_64 0.8.2 9.06 60.27 69.33 OK
r-release-osx-x86_64 0.8.2 NOTE
r-release-windows-ix86+x86_64 0.8.2 20.00 90.00 110.00 OK
r-oldrel-osx-x86_64 0.8.2 NOTE
r-oldrel-windows-ix86+x86_64 0.8.2 44.00 105.00 149.00 OK

Check Details

Version: 0.8.2
Check: data for non-ASCII characters
Result: NOTE
     Note: found 53 marked UTF-8 strings
Flavors: r-devel-linux-x86_64-fedora-clang, r-devel-linux-x86_64-fedora-gcc, r-patched-solaris-x86, r-release-osx-x86_64, r-oldrel-osx-x86_64

Version: 0.8.2
Check: package dependencies
Result: NOTE
    Package suggested but not available for checking: ‘testthat’
Flavor: r-release-osx-x86_64

Version: 0.8.2
Check: package dependencies
Result: NOTE
    Package suggested but not available for checking: ‘ggseas’
Flavor: r-oldrel-osx-x86_64