CRAN Package Check Results for Package airGRteaching

Last updated on 2020-04-09 14:51:12 CEST.

Flavor Version Tinstall Tcheck Ttotal Status Flags
r-devel-linux-x86_64-debian-clang 0.2.8.69 5.42 48.84 54.26 OK
r-devel-linux-x86_64-debian-gcc 0.2.8.69 4.74 38.37 43.11 OK
r-devel-linux-x86_64-fedora-clang 0.2.8.69 65.55 OK
r-devel-linux-x86_64-fedora-gcc 0.2.8.69 65.77 OK
r-devel-windows-ix86+x86_64 0.2.8.69 13.00 97.00 110.00 OK
r-devel-windows-ix86+x86_64-gcc8 0.2.8.69 13.00 61.00 74.00 OK
r-patched-linux-x86_64 0.2.8.69 5.74 48.43 54.17 OK
r-patched-osx-x86_64 0.2.8.69 WARN
r-patched-solaris-x86 0.2.8.69 104.50 OK
r-release-linux-x86_64 0.2.8.69 5.31 45.42 50.73 OK
r-release-windows-ix86+x86_64 0.2.8.69 12.00 97.00 109.00 OK
r-release-osx-x86_64 0.2.8.69 OK
r-oldrel-windows-ix86+x86_64 0.2.8.69 15.00 82.00 97.00 OK
r-oldrel-osx-x86_64 0.2.8.69 OK

Check Details

Version: 0.2.8.69
Check: re-building of vignette outputs
Result: WARN
    Error(s) in re-building vignettes:
    --- re-building ‘get_started.rmd’ using rmarkdown
    Warning in CreateRunOptions(FUN_MOD = get(PrepGR$TypeModel), InputsModel = PrepGR$InputsModel, :
     model warm up period not defined: default configuration used
     the year preceding the run period is used
    
    Warning in CreateRunOptions(FUN_MOD = get(PrepGR$TypeModel), InputsModel = PrepGR$InputsModel, :
     model warm up period not defined: default configuration used
     the year preceding the run period is used
    
    Warning in plot.OutputsModel(x$OutputsModel, Qobs = x$Qobs, ...) :
     zeroes detected in 'Qsim': some plots in the log space will not be created using all time-steps
    dyld: lazy symbol binding failed: Symbol not found: ____chkstk_darwin
     Referenced from: /usr/local/bin/pandoc (which was built for Mac OS X 10.15)
     Expected in: /usr/lib/libSystem.B.dylib
    
    dyld: Symbol not found: ____chkstk_darwin
     Referenced from: /usr/local/bin/pandoc (which was built for Mac OS X 10.15)
     Expected in: /usr/lib/libSystem.B.dylib
    
    Error: processing vignette 'get_started.rmd' failed with diagnostics:
    pandoc document conversion failed with error 6
    --- failed re-building ‘get_started.rmd’
    
    SUMMARY: processing the following file failed:
     ‘get_started.rmd’
    
    Error: Vignette re-building failed.
    Execution halted
Flavor: r-patched-osx-x86_64