CRAN Package Check Results for Package ahnr

Last updated on 2021-06-16 09:53:14 CEST.

Flavor Version Tinstall Tcheck Ttotal Status Flags
r-devel-linux-x86_64-debian-clang 0.3.1 4.78 149.24 154.02 NOTE
r-devel-linux-x86_64-debian-gcc 0.3.1 3.68 97.03 100.71 NOTE
r-devel-linux-x86_64-fedora-clang 0.3.1 176.80 NOTE
r-devel-linux-x86_64-fedora-gcc 0.3.1 164.81 NOTE
r-devel-windows-x86_64 0.3.1 9.00 176.00 185.00 NOTE
r-devel-windows-x86_64-gcc10-UCRT 0.3.1 NOTE
r-patched-linux-x86_64 0.3.1 4.11 133.62 137.73 NOTE
r-patched-solaris-x86 0.3.1 155.70 WARN
r-release-linux-x86_64 0.3.1 4.48 133.78 138.26 NOTE
r-release-macos-arm64 0.3.1 WARN
r-release-macos-x86_64 0.3.1 WARN
r-release-windows-ix86+x86_64 0.3.1 13.00 173.00 186.00 NOTE
r-oldrel-macos-x86_64 0.3.1 WARN
r-oldrel-windows-ix86+x86_64 0.3.1 17.00 172.00 189.00 OK

Check Details

Version: 0.3.1
Check: LazyData
Result: NOTE
     'LazyData' is specified without a 'data' directory
Flavors: r-devel-linux-x86_64-debian-clang, r-devel-linux-x86_64-debian-gcc, r-devel-linux-x86_64-fedora-clang, r-devel-linux-x86_64-fedora-gcc, r-devel-windows-x86_64, r-devel-windows-x86_64-gcc10-UCRT, r-patched-linux-x86_64, r-patched-solaris-x86, r-release-linux-x86_64, r-release-macos-arm64, r-release-macos-x86_64, r-release-windows-ix86+x86_64

Version: 0.3.1
Check: re-building of vignette outputs
Result: WARN
    Error(s) in re-building vignettes:
     ...
    --- re-building ‘ahn.Rmd’ using rmarkdown
    Warning in engine$weave(file, quiet = quiet, encoding = enc) :
     Pandoc (>= 1.12.3) not available. Falling back to R Markdown v1.
    Quitting from lines 66-67 (ahn.Rmd)
    Error: processing vignette 'ahn.Rmd' failed with diagnostics:
    there is no package called 'webshot'
    --- failed re-building ‘ahn.Rmd’
    
    SUMMARY: processing the following file failed:
     ‘ahn.Rmd’
    
    Error: Vignette re-building failed.
    Execution halted
Flavor: r-patched-solaris-x86

Version: 0.3.1
Check: re-building of vignette outputs
Result: WARN
    Error(s) in re-building vignettes:
     ...
    --- re-building ‘ahn.Rmd’ using rmarkdown
    Warning in engine$weave(file, quiet = quiet, encoding = enc) :
     Pandoc (>= 1.12.3) not available. Falling back to R Markdown v1.
    Quitting from lines 66-67 (ahn.Rmd)
    Error: processing vignette 'ahn.Rmd' failed with diagnostics:
    invalid 'path' argument
    --- failed re-building ‘ahn.Rmd’
    
    SUMMARY: processing the following file failed:
     ‘ahn.Rmd’
    
    Error: Vignette re-building failed.
    Execution halted
Flavors: r-release-macos-arm64, r-release-macos-x86_64

Version: 0.3.1
Check: re-building of vignette outputs
Result: WARN
    Error(s) in re-building vignettes:
     ...
    --- re-building ‘ahn.Rmd’ using rmarkdown
    Warning in engine$weave(file, quiet = quiet, encoding = enc) :
     Pandoc (>= 1.12.3) and/or pandoc-citeproc not available. Falling back to R Markdown v1.
    Quitting from lines 66-67 (ahn.Rmd)
    Error: processing vignette 'ahn.Rmd' failed with diagnostics:
    cannot open the connection
    --- failed re-building ‘ahn.Rmd’
    
    SUMMARY: processing the following file failed:
     ‘ahn.Rmd’
    
    Error: Vignette re-building failed.
    Execution halted
Flavor: r-oldrel-macos-x86_64