CRAN Package Check Results for Package afmToolkit

Last updated on 2020-05-29 17:48:58 CEST.

Flavor Version Tinstall Tcheck Ttotal Status Flags
r-devel-linux-x86_64-debian-clang 0.0.1 7.00 63.43 70.43 OK
r-devel-linux-x86_64-debian-gcc 0.0.1 5.44 52.62 58.06 OK
r-devel-linux-x86_64-fedora-clang 0.0.1 90.64 NOTE
r-devel-linux-x86_64-fedora-gcc 0.0.1 87.98 NOTE
r-devel-windows-ix86+x86_64 0.0.1 22.00 77.00 99.00 OK
r-patched-linux-x86_64 0.0.1 7.21 67.15 74.36 OK
r-patched-solaris-x86 0.0.1 125.60 NOTE
r-release-linux-x86_64 0.0.1 7.83 67.04 74.87 OK
r-release-osx-x86_64 0.0.1 NOTE
r-release-windows-ix86+x86_64 0.0.1 18.00 109.00 127.00 OK
r-oldrel-osx-x86_64 0.0.1 NOTE
r-oldrel-windows-ix86+x86_64 0.0.1 14.00 78.00 92.00 OK

Check Details

Version: 0.0.1
Check: dependencies in R code
Result: NOTE
    Namespaces in Imports field not imported from:
     ‘DBI’ ‘assertthat’ ‘tibble’
     All declared Imports should be used.
Flavors: r-devel-linux-x86_64-fedora-clang, r-devel-linux-x86_64-fedora-gcc, r-patched-solaris-x86, r-release-osx-x86_64, r-oldrel-osx-x86_64