CRAN Package Check Results for Package adobeanalyticsr

Last updated on 2021-06-24 09:52:20 CEST.

Flavor Version Tinstall Tcheck Ttotal Status Flags
r-devel-linux-x86_64-debian-clang 0.1.5 9.42 73.79 83.21 NOTE
r-devel-linux-x86_64-debian-gcc 0.1.5 8.09 54.41 62.50 NOTE
r-devel-linux-x86_64-fedora-clang 0.1.5 106.81 NOTE
r-devel-linux-x86_64-fedora-gcc 0.1.5 94.34 NOTE
r-devel-windows-x86_64 0.1.5 15.00 86.00 101.00 NOTE
r-devel-windows-x86_64-gcc10-UCRT 0.1.5 ERROR
r-patched-linux-x86_64 0.1.5 9.77 67.43 77.20 NOTE
r-patched-solaris-x86 0.1.5 134.10 NOTE
r-release-linux-x86_64 0.1.5 9.04 66.97 76.01 NOTE
r-release-macos-arm64 0.1.5 NOTE
r-release-macos-x86_64 0.1.5 NOTE
r-release-windows-ix86+x86_64 0.1.5 15.00 63.00 78.00 NOTE
r-oldrel-macos-x86_64 0.1.5 NOTE

Check Details

Version: 0.1.5
Check: LazyData
Result: NOTE
     'LazyData' is specified without a 'data' directory
Flavors: r-devel-linux-x86_64-debian-clang, r-devel-linux-x86_64-debian-gcc, r-devel-linux-x86_64-fedora-clang, r-devel-linux-x86_64-fedora-gcc, r-devel-windows-x86_64, r-patched-linux-x86_64, r-patched-solaris-x86, r-release-linux-x86_64, r-release-macos-arm64, r-release-macos-x86_64, r-release-windows-ix86+x86_64

Version: 0.1.5
Check: dependencies in R code
Result: NOTE
    Namespaces in Imports field not imported from:
     ‘knitr’ ‘lifecycle’
     All declared Imports should be used.
Flavors: r-devel-linux-x86_64-fedora-clang, r-devel-linux-x86_64-fedora-gcc, r-patched-solaris-x86, r-release-macos-arm64, r-release-macos-x86_64, r-oldrel-macos-x86_64

Version: 0.1.5
Check: package dependencies
Result: ERROR
    Package required but not available: 'httr'
    
    See section 'The DESCRIPTION file' in the 'Writing R Extensions'
    manual.
Flavor: r-devel-windows-x86_64-gcc10-UCRT