CRAN Package Check Results for Package adnuts

Last updated on 2021-04-15 09:49:51 CEST.

Flavor Version Tinstall Tcheck Ttotal Status Flags
r-devel-linux-x86_64-debian-clang 1.1.2 10.50 105.24 115.74 NOTE
r-devel-linux-x86_64-debian-gcc 1.1.2 8.36 79.26 87.62 NOTE
r-devel-linux-x86_64-fedora-clang 1.1.2 145.23 NOTE
r-devel-linux-x86_64-fedora-gcc 1.1.2 138.39 NOTE
r-devel-windows-ix86+x86_64 1.1.2 30.00 147.00 177.00 NOTE
r-devel-windows-x86_64-gcc10-UCRT 1.1.2 NOTE
r-patched-linux-x86_64 1.1.2 9.50 98.17 107.67 OK
r-patched-solaris-x86 1.1.2 199.80 OK
r-release-linux-x86_64 1.1.2 11.98 98.15 110.13 OK
r-release-macos-x86_64 1.1.2 OK
r-release-windows-ix86+x86_64 1.1.2 30.00 148.00 178.00 OK
r-oldrel-macos-x86_64 1.1.2 OK
r-oldrel-windows-ix86+x86_64 1.1.2 17.00 98.00 115.00 OK

Check Details

Version: 1.1.2
Check: LazyData
Result: NOTE
     'LazyData' is specified without a 'data' directory
Flavors: r-devel-linux-x86_64-debian-clang, r-devel-linux-x86_64-debian-gcc, r-devel-linux-x86_64-fedora-clang, r-devel-linux-x86_64-fedora-gcc, r-devel-windows-ix86+x86_64, r-devel-windows-x86_64-gcc10-UCRT