CRAN Package Check Results for Package adespatial

Last updated on 2020-02-27 17:50:48 CET.

Flavor Version Tinstall Tcheck Ttotal Status Flags
r-devel-linux-x86_64-debian-clang 0.3-8 35.86 445.36 481.22 OK
r-devel-linux-x86_64-debian-gcc 0.3-8 26.27 333.82 360.09 OK
r-devel-linux-x86_64-fedora-clang 0.3-8 597.12 WARN
r-devel-linux-x86_64-fedora-gcc 0.3-8 589.51 WARN
r-devel-windows-ix86+x86_64 0.3-8 77.00 549.00 626.00 OK
r-devel-windows-ix86+x86_64-gcc8 0.3-8 78.00 582.00 660.00 OK
r-patched-linux-x86_64 0.3-8 26.96 394.78 421.74 OK
r-patched-solaris-x86 0.3-8 816.60 OK
r-release-linux-x86_64 0.3-8 26.84 395.38 422.22 OK
r-release-windows-ix86+x86_64 0.3-8 52.00 506.00 558.00 OK
r-release-osx-x86_64 0.3-8 OK
r-oldrel-windows-ix86+x86_64 0.3-8 43.00 488.00 531.00 OK
r-oldrel-osx-x86_64 0.3-8 OK

Check Details

Version: 0.3-8
Check: whether package can be installed
Result: WARN
    Found the following significant warnings:
     Warning: namespace ‘rgdal’ is not available and has been replaced
Flavors: r-devel-linux-x86_64-fedora-clang, r-devel-linux-x86_64-fedora-gcc