CRAN Package Check Results for Package actuaryr

Last updated on 2021-06-14 08:49:29 CEST.

Flavor Version Tinstall Tcheck Ttotal Status Flags
r-devel-linux-x86_64-debian-clang 1.1.1 2.58 33.63 36.21 NOTE
r-devel-linux-x86_64-debian-gcc 1.1.1 2.37 25.96 28.33 NOTE
r-devel-linux-x86_64-fedora-clang 1.1.1 52.24 NOTE
r-devel-linux-x86_64-fedora-gcc 1.1.1 43.03 NOTE
r-devel-windows-x86_64 1.1.1 5.00 60.00 65.00 NOTE
r-devel-windows-x86_64-gcc10-UCRT 1.1.1 NOTE
r-patched-linux-x86_64 1.1.1 3.19 32.40 35.59 NOTE
r-patched-solaris-x86 1.1.1 64.50 NOTE
r-release-linux-x86_64 1.1.1 2.99 32.38 35.37 NOTE
r-release-macos-arm64 1.1.1 NOTE
r-release-macos-x86_64 1.1.1 NOTE
r-release-windows-ix86+x86_64 1.1.1 13.00 51.00 64.00 NOTE
r-oldrel-macos-x86_64 1.1.1 OK
r-oldrel-windows-ix86+x86_64 1.1.1 18.00 56.00 74.00 OK

Check Details

Version: 1.1.1
Check: LazyData
Result: NOTE
     'LazyData' is specified without a 'data' directory
Flavors: r-devel-linux-x86_64-debian-clang, r-devel-linux-x86_64-debian-gcc, r-devel-linux-x86_64-fedora-clang, r-devel-linux-x86_64-fedora-gcc, r-devel-windows-x86_64, r-devel-windows-x86_64-gcc10-UCRT, r-patched-linux-x86_64, r-patched-solaris-x86, r-release-linux-x86_64, r-release-macos-arm64, r-release-macos-x86_64, r-release-windows-ix86+x86_64