CRAN Package Check Results for Package activityCounts

Last updated on 2021-06-14 08:49:29 CEST.

Flavor Version Tinstall Tcheck Ttotal Status Flags
r-devel-linux-x86_64-debian-clang 0.1.2 7.58 60.37 67.95 OK
r-devel-linux-x86_64-debian-gcc 0.1.2 5.91 45.32 51.23 OK
r-devel-linux-x86_64-fedora-clang 0.1.2 88.13 OK
r-devel-linux-x86_64-fedora-gcc 0.1.2 78.38 OK
r-devel-windows-x86_64 0.1.2 7.00 85.00 92.00 OK
r-devel-windows-x86_64-gcc10-UCRT 0.1.2 OK
r-patched-linux-x86_64 0.1.2 6.52 57.08 63.60 OK
r-patched-solaris-x86 0.1.2 116.60 OK
r-release-linux-x86_64 0.1.2 6.88 57.72 64.60 OK
r-release-macos-arm64 0.1.2 OK
r-release-macos-x86_64 0.1.2 OK
r-release-windows-ix86+x86_64 0.1.2 15.00 79.00 94.00 OK
r-oldrel-macos-x86_64 0.1.2 NOTE
r-oldrel-windows-ix86+x86_64 0.1.2 20.00 84.00 104.00 OK

Check Details

Version: 0.1.2
Check: package dependencies
Result: NOTE
    Package suggested but not available for checking: ‘rmarkdown’
Flavor: r-oldrel-macos-x86_64