CRAN Package Check Results for Package abjutils

Last updated on 2020-03-30 20:48:20 CEST.

Flavor Version Tinstall Tcheck Ttotal Status Flags
r-devel-linux-x86_64-debian-clang 0.2.3 3.25 27.22 30.47 NOTE
r-devel-linux-x86_64-debian-gcc 0.2.3 2.32 21.38 23.70 NOTE
r-devel-linux-x86_64-fedora-clang 0.2.3 36.99 NOTE
r-devel-linux-x86_64-fedora-gcc 0.2.3 36.66 NOTE
r-devel-windows-ix86+x86_64 0.2.3 7.00 38.00 45.00 NOTE
r-devel-windows-ix86+x86_64-gcc8 0.2.3 12.00 42.00 54.00 NOTE
r-patched-linux-x86_64 0.2.3 3.39 26.75 30.14 NOTE
r-patched-solaris-x86 0.2.3 57.40 NOTE
r-release-linux-x86_64 0.2.3 2.31 24.75 27.06 NOTE
r-release-windows-ix86+x86_64 0.2.3 15.00 54.00 69.00 NOTE
r-release-osx-x86_64 0.2.3 NOTE
r-oldrel-windows-ix86+x86_64 0.2.3 11.00 60.00 71.00 NOTE
r-oldrel-osx-x86_64 0.2.3 NOTE

Check Details

Version: 0.2.3
Check: dependencies in R code
Result: NOTE
    Missing or unexported object: 'devtools::use_package'
Flavors: r-devel-linux-x86_64-debian-clang, r-devel-linux-x86_64-debian-gcc, r-devel-windows-ix86+x86_64, r-devel-windows-ix86+x86_64-gcc8, r-patched-linux-x86_64, r-release-linux-x86_64, r-release-windows-ix86+x86_64, r-oldrel-windows-ix86+x86_64

Version: 0.2.3
Check: dependencies in R code
Result: NOTE
    Namespaces in Imports field not imported from:
     ‘httr’ ‘progress’
     All declared Imports should be used.
    Missing or unexported object: ‘devtools::use_package’
Flavors: r-devel-linux-x86_64-fedora-clang, r-devel-linux-x86_64-fedora-gcc, r-patched-solaris-x86

Version: 0.2.3
Check: dependencies in R code
Result: NOTE
    Namespaces in Imports field not imported from:
     ‘httr’ ‘progress’
     All declared Imports should be used.
Flavors: r-release-osx-x86_64, r-oldrel-osx-x86_64