CRAN Package Check Results for Package abf2

Last updated on 2020-07-06 21:50:09 CEST.

Flavor Version Tinstall Tcheck Ttotal Status Flags
r-devel-linux-x86_64-debian-clang 0.7-1 2.11 20.17 22.28 NOTE
r-devel-linux-x86_64-debian-gcc 0.7-1 1.99 16.05 18.04 NOTE
r-devel-linux-x86_64-fedora-clang 0.7-1 36.46 NOTE
r-devel-linux-x86_64-fedora-gcc 0.7-1 26.97 NOTE
r-devel-windows-ix86+x86_64 0.7-1 8.00 42.00 50.00 NOTE
r-patched-linux-x86_64 0.7-1 2.27 20.18 22.45 NOTE
r-patched-solaris-x86 0.7-1 41.40 NOTE
r-release-linux-x86_64 0.7-1 2.32 20.36 22.68 NOTE
r-release-osx-x86_64 0.7-1 NOTE
r-release-windows-ix86+x86_64 0.7-1 5.00 31.00 36.00 NOTE
r-oldrel-osx-x86_64 0.7-1 NOTE
r-oldrel-windows-ix86+x86_64 0.7-1 5.00 44.00 49.00 NOTE

Check Details

Version: 0.7-1
Check: R code for possible problems
Result: NOTE
    multiplot: no visible global function definition for 'rainbow'
    multiplot: no visible global function definition for 'text'
    multiplot: no visible global function definition for 'lines'
    multiplot: no visible global function definition for 'par'
    plot.abf2: no visible global function definition for 'abline'
    plot.abf2: no visible global function definition for 'text'
    Undefined global functions or variables:
     abline lines par rainbow text
    Consider adding
     importFrom("grDevices", "rainbow")
     importFrom("graphics", "abline", "lines", "par", "text")
    to your NAMESPACE file.
Flavors: r-devel-linux-x86_64-debian-clang, r-devel-linux-x86_64-debian-gcc, r-devel-linux-x86_64-fedora-clang, r-devel-linux-x86_64-fedora-gcc, r-devel-windows-ix86+x86_64, r-patched-linux-x86_64, r-patched-solaris-x86, r-release-linux-x86_64, r-release-osx-x86_64, r-release-windows-ix86+x86_64

Version: 0.7-1
Check: R code for possible problems
Result: NOTE
    multiplot: no visible global function definition for ‘rainbow’
    multiplot: no visible global function definition for ‘plot’
    multiplot: no visible global function definition for ‘text’
    multiplot: no visible global function definition for ‘lines’
    multiplot: no visible global function definition for ‘par’
    plot.abf2: no visible global function definition for ‘plot’
    plot.abf2: no visible global function definition for ‘abline’
    plot.abf2: no visible global function definition for ‘text’
    plot.abf2split: no visible global function definition for ‘plot’
    Undefined global functions or variables:
     abline lines par plot rainbow text
    Consider adding
     importFrom("grDevices", "rainbow")
     importFrom("graphics", "abline", "lines", "par", "plot", "text")
    to your NAMESPACE file.
Flavors: r-oldrel-osx-x86_64, r-oldrel-windows-ix86+x86_64