CRAN Package Check Results for Package ZipRadius

Last updated on 2020-03-30 20:48:47 CEST.

Flavor Version Tinstall Tcheck Ttotal Status Flags
r-devel-linux-x86_64-debian-clang 1.0.1 5.31 44.27 49.58 NOTE
r-devel-linux-x86_64-debian-gcc 1.0.1 4.38 34.38 38.76 NOTE
r-devel-linux-x86_64-fedora-clang 1.0.1 59.73 NOTE
r-devel-linux-x86_64-fedora-gcc 1.0.1 57.17 NOTE
r-devel-windows-ix86+x86_64 1.0.1 17.00 55.00 72.00 NOTE
r-devel-windows-ix86+x86_64-gcc8 1.0.1 16.00 56.00 72.00 NOTE
r-patched-linux-x86_64 1.0.1 5.76 42.57 48.33 NOTE
r-patched-solaris-x86 1.0.1 93.60 NOTE
r-release-linux-x86_64 1.0.1 5.09 38.90 43.99 OK
r-release-windows-ix86+x86_64 1.0.1 23.00 82.00 105.00 OK
r-release-osx-x86_64 1.0.1 NOTE
r-oldrel-windows-ix86+x86_64 1.0.1 12.00 81.00 93.00 OK
r-oldrel-osx-x86_64 1.0.1 WARN

Check Details

Version: 1.0.1
Check: package vignettes
Result: NOTE
    Package vignette with placeholder title 'Vignette Title':
     'ZipRadius.Rmd'
Flavors: r-devel-linux-x86_64-debian-clang, r-devel-linux-x86_64-debian-gcc, r-devel-windows-ix86+x86_64, r-devel-windows-ix86+x86_64-gcc8, r-patched-linux-x86_64

Version: 1.0.1
Check: dependencies in R code
Result: NOTE
    Namespaces in Imports field not imported from:
     ‘ggplot2’ ‘testthat’
     All declared Imports should be used.
Flavors: r-devel-linux-x86_64-fedora-clang, r-devel-linux-x86_64-fedora-gcc, r-patched-solaris-x86, r-release-osx-x86_64, r-oldrel-osx-x86_64

Version: 1.0.1
Check: whether package can be installed
Result: WARN
    Found the following significant warnings:
     Warning: package ‘dplyr’ was built under R version 3.5.1
Flavor: r-oldrel-osx-x86_64