CRAN Package Check Results for Package ZVCV

Last updated on 2021-04-15 09:50:21 CEST.

Flavor Version Tinstall Tcheck Ttotal Status Flags
r-devel-linux-x86_64-debian-clang 2.1.0 131.48 99.99 231.47 OK
r-devel-linux-x86_64-debian-gcc 2.1.0 90.12 74.87 164.99 OK
r-devel-linux-x86_64-fedora-clang 2.1.0 310.09 NOTE
r-devel-linux-x86_64-fedora-gcc 2.1.0 277.63 OK
r-devel-windows-ix86+x86_64 2.1.0 277.00 179.00 456.00 OK
r-devel-windows-x86_64-gcc10-UCRT 2.1.0 OK
r-patched-linux-x86_64 2.1.0 99.69 90.35 190.04 OK
r-patched-solaris-x86 2.1.0 285.70 OK
r-release-linux-x86_64 2.1.0 103.46 90.42 193.88 OK
r-release-macos-x86_64 2.1.0 NOTE
r-release-windows-ix86+x86_64 2.1.0 251.00 182.00 433.00 OK
r-oldrel-macos-x86_64 2.1.0 NOTE
r-oldrel-windows-ix86+x86_64 2.1.0 224.00 118.00 342.00 OK

Check Details

Version: 2.1.0
Check: installed package size
Result: NOTE
     installed size is 11.7Mb
     sub-directories of 1Mb or more:
     libs 11.4Mb
Flavors: r-devel-linux-x86_64-fedora-clang, r-release-macos-x86_64, r-oldrel-macos-x86_64