CRAN Package Check Results for Package Xmisc

Last updated on 2020-03-30 20:48:47 CEST.

Flavor Version Tinstall Tcheck Ttotal Status Flags
r-devel-linux-x86_64-debian-clang 0.2.1 5.03 40.57 45.60 NOTE
r-devel-linux-x86_64-debian-gcc 0.2.1 4.07 32.06 36.13 NOTE
r-devel-linux-x86_64-fedora-clang 0.2.1 56.87 NOTE
r-devel-linux-x86_64-fedora-gcc 0.2.1 55.21 NOTE
r-devel-windows-ix86+x86_64 0.2.1 12.00 52.00 64.00 NOTE
r-devel-windows-ix86+x86_64-gcc8 0.2.1 11.00 57.00 68.00 NOTE
r-patched-linux-x86_64 0.2.1 4.85 39.23 44.08 NOTE
r-patched-solaris-x86 0.2.1 82.30 NOTE
r-release-linux-x86_64 0.2.1 3.02 37.25 40.27 NOTE
r-release-windows-ix86+x86_64 0.2.1 13.00 77.00 90.00 NOTE
r-release-osx-x86_64 0.2.1 NOTE
r-oldrel-windows-ix86+x86_64 0.2.1 12.00 77.00 89.00 NOTE
r-oldrel-osx-x86_64 0.2.1 NOTE

Check Details

Version: 0.2.1
Check: R code for possible problems
Result: NOTE
    R5.value.default: no visible binding for global variable 'data.table'
    R5.value.default: no visible global function definition for
     'as.data.table'
    R5.value.parse: no visible binding for global variable 'data.table'
    R5.value.parse: no visible global function definition for
     'is.data.table'
    R5.value.parse: no visible global function definition for
     'as.data.table'
    stampme: no visible global function definition for 'flush.console'
    stampmsg: no visible global function definition for 'flush.console'
    write.data.table: no visible global function definition for
     'write.table'
    Undefined global functions or variables:
     as.data.table data.table flush.console is.data.table write.table
    Consider adding
     importFrom("utils", "flush.console", "write.table")
    to your NAMESPACE file.
Flavors: r-devel-linux-x86_64-debian-clang, r-devel-linux-x86_64-debian-gcc, r-devel-linux-x86_64-fedora-clang, r-devel-linux-x86_64-fedora-gcc, r-devel-windows-ix86+x86_64, r-devel-windows-ix86+x86_64-gcc8, r-patched-linux-x86_64, r-patched-solaris-x86, r-release-linux-x86_64, r-release-windows-ix86+x86_64, r-release-osx-x86_64, r-oldrel-windows-ix86+x86_64, r-oldrel-osx-x86_64