CRAN Package Check Results for Package WoodSimulatR

Last updated on 2021-04-15 09:50:21 CEST.

Flavor Version Tinstall Tcheck Ttotal Status Flags
r-devel-linux-x86_64-debian-clang 0.5.0 4.64 64.20 68.84 OK
r-devel-linux-x86_64-debian-gcc 0.5.0 3.79 47.86 51.65 OK
r-devel-linux-x86_64-fedora-clang 0.5.0 89.39 NOTE
r-devel-linux-x86_64-fedora-gcc 0.5.0 81.82 NOTE
r-devel-windows-ix86+x86_64 0.5.0 13.00 84.00 97.00 OK
r-devel-windows-x86_64-gcc10-UCRT 0.5.0 NOTE
r-patched-linux-x86_64 0.5.0 3.52 60.03 63.55 OK
r-patched-solaris-x86 0.5.0 116.60 NOTE
r-release-linux-x86_64 0.5.0 4.42 60.03 64.45 OK
r-release-macos-x86_64 0.5.0 NOTE
r-release-windows-ix86+x86_64 0.5.0 29.00 92.00 121.00 OK
r-oldrel-macos-x86_64 0.5.0 NOTE
r-oldrel-windows-ix86+x86_64 0.5.0 8.00 60.00 68.00 OK

Check Details

Version: 0.5.0
Check: dependencies in R code
Result: NOTE
    Namespace in Imports field not imported from: ‘scales’
     All declared Imports should be used.
Flavors: r-devel-linux-x86_64-fedora-clang, r-devel-linux-x86_64-fedora-gcc, r-devel-windows-x86_64-gcc10-UCRT, r-patched-solaris-x86, r-release-macos-x86_64, r-oldrel-macos-x86_64