CRAN Package Check Results for Package WeibullR

Last updated on 2021-06-22 09:51:59 CEST.

Flavor Version Tinstall Tcheck Ttotal Status Flags
r-devel-linux-x86_64-debian-clang 1.0.12 110.62 57.08 167.70 OK
r-devel-linux-x86_64-debian-gcc 1.0.12 74.78 42.54 117.32 OK
r-devel-linux-x86_64-fedora-clang 1.0.12 236.32 NOTE
r-devel-linux-x86_64-fedora-gcc 1.0.12 216.00 OK
r-devel-windows-x86_64 1.0.12 130.00 77.00 207.00 OK
r-devel-windows-x86_64-gcc10-UCRT 1.0.12 OK
r-patched-linux-x86_64 1.0.12 90.74 55.09 145.83 OK
r-patched-solaris-x86 1.0.12 203.80 OK
r-release-linux-x86_64 1.0.12 90.94 54.92 145.86 OK
r-release-macos-arm64 1.0.12 NOTE
r-release-macos-x86_64 1.0.12 NOTE
r-release-windows-ix86+x86_64 1.0.12 249.00 77.00 326.00 OK
r-oldrel-macos-x86_64 1.0.12 NOTE

Check Details

Version: 1.0.12
Check: installed package size
Result: NOTE
     installed size is 5.2Mb
     sub-directories of 1Mb or more:
     libs 4.7Mb
Flavors: r-devel-linux-x86_64-fedora-clang, r-release-macos-arm64, r-release-macos-x86_64, r-oldrel-macos-x86_64