CRAN Package Check Results for Package WaverR

Last updated on 2021-04-15 09:50:21 CEST.

Flavor Version Tinstall Tcheck Ttotal Status Flags
r-devel-linux-x86_64-debian-clang 1.0 2.20 29.55 31.75 NOTE
r-devel-linux-x86_64-debian-gcc 1.0 1.70 22.51 24.21 NOTE
r-devel-linux-x86_64-fedora-clang 1.0 47.75 NOTE
r-devel-linux-x86_64-fedora-gcc 1.0 38.58 NOTE
r-devel-windows-ix86+x86_64 1.0 5.00 49.00 54.00 OK
r-devel-windows-x86_64-gcc10-UCRT 1.0 OK
r-patched-linux-x86_64 1.0 2.18 28.52 30.70 NOTE
r-patched-solaris-x86 1.0 57.50 NOTE
r-release-linux-x86_64 1.0 2.31 28.37 30.68 NOTE
r-release-macos-x86_64 1.0 OK
r-release-windows-ix86+x86_64 1.0 5.00 45.00 50.00 OK
r-oldrel-macos-x86_64 1.0 OK
r-oldrel-windows-ix86+x86_64 1.0 4.00 31.00 35.00 OK

Check Details

Version: 1.0
Check: for non-standard things in the check directory
Result: NOTE
    Found the following files/directories:
     'ReconstructedData.txt' 'ReconstructedDataStDev.txt'
     'ResampledReconstructions.txt'
     'ResampledReconstructionsStandardVariation.txt'
Flavors: r-devel-linux-x86_64-debian-clang, r-devel-linux-x86_64-debian-gcc, r-devel-linux-x86_64-fedora-clang, r-devel-linux-x86_64-fedora-gcc, r-patched-linux-x86_64, r-patched-solaris-x86, r-release-linux-x86_64