CRAN Package Check Results for Package WRI

Last updated on 2021-04-15 09:50:21 CEST.

Flavor Version Tinstall Tcheck Ttotal Status Flags
r-devel-linux-x86_64-debian-clang 0.1.0 57.05 87.62 144.67 OK
r-devel-linux-x86_64-debian-gcc 0.1.0 40.54 65.50 106.04 OK
r-devel-linux-x86_64-fedora-clang 0.1.0 209.50 NOTE
r-devel-linux-x86_64-fedora-gcc 0.1.0 183.04 NOTE
r-devel-windows-ix86+x86_64 0.1.0 141.00 170.00 311.00 OK
r-devel-windows-x86_64-gcc10-UCRT 0.1.0 NOTE
r-patched-linux-x86_64 0.1.0 46.20 87.92 134.12 OK
r-patched-solaris-x86 0.1.0 230.00 NOTE
r-release-linux-x86_64 0.1.0 50.10 87.11 137.21 OK
r-release-macos-x86_64 0.1.0 NOTE
r-release-windows-ix86+x86_64 0.1.0 139.00 178.00 317.00 OK
r-oldrel-macos-x86_64 0.1.0 NOTE
r-oldrel-windows-ix86+x86_64 0.1.0 95.00 129.00 224.00 OK

Check Details

Version: 0.1.0
Check: dependencies in R code
Result: NOTE
    Namespaces in Imports field not imported from:
     ‘fdadensity’ ‘locfit’ ‘locpol’ ‘modeest’
     All declared Imports should be used.
Flavors: r-devel-linux-x86_64-fedora-clang, r-devel-linux-x86_64-fedora-gcc, r-devel-windows-x86_64-gcc10-UCRT, r-patched-solaris-x86, r-release-macos-x86_64, r-oldrel-macos-x86_64