CRAN Package Check Results for Package VWPre

Last updated on 2021-04-15 09:50:21 CEST.

Flavor Version Tinstall Tcheck Ttotal Status Flags
r-devel-linux-x86_64-debian-clang 1.2.4 9.76 110.00 119.76 OK
r-devel-linux-x86_64-debian-gcc 1.2.4 8.89 80.42 89.31 OK
r-devel-linux-x86_64-fedora-clang 1.2.4 149.74 NOTE
r-devel-linux-x86_64-fedora-gcc 1.2.4 142.50 OK
r-devel-windows-ix86+x86_64 1.2.4 29.00 134.00 163.00 OK
r-devel-windows-x86_64-gcc10-UCRT 1.2.4 OK
r-patched-linux-x86_64 1.2.4 8.81 101.09 109.90 OK
r-patched-solaris-x86 1.2.4 190.40 OK
r-release-linux-x86_64 1.2.4 10.21 101.54 111.75 OK
r-release-macos-x86_64 1.2.4 OK
r-release-windows-ix86+x86_64 1.2.4 34.00 155.00 189.00 OK
r-oldrel-macos-x86_64 1.2.4 OK
r-oldrel-windows-ix86+x86_64 1.2.4 15.00 103.00 118.00 OK

Check Details

Version: 1.2.4
Check: Rd cross-references
Result: NOTE
    Undeclared package ‘tibble’ in Rd xrefs
Flavor: r-devel-linux-x86_64-fedora-clang