CRAN Package Check Results for Package UScancer

Last updated on 2020-05-29 17:49:21 CEST.

Flavor Version Tinstall Tcheck Ttotal Status Flags
r-devel-linux-x86_64-debian-clang 0.1-2 3.53 34.63 38.16 NOTE
r-devel-linux-x86_64-debian-gcc 0.1-2 2.90 27.71 30.61 NOTE
r-devel-linux-x86_64-fedora-clang 0.1-2 49.19 NOTE
r-devel-linux-x86_64-fedora-gcc 0.1-2 47.60 NOTE
r-devel-windows-ix86+x86_64 0.1-2 9.00 50.00 59.00 NOTE
r-patched-linux-x86_64 0.1-2 3.46 34.15 37.61 NOTE
r-patched-solaris-x86 0.1-2 75.40 NOTE
r-release-linux-x86_64 0.1-2 3.54 34.25 37.79 NOTE
r-release-osx-x86_64 0.1-2 NOTE
r-release-windows-ix86+x86_64 0.1-2 9.00 63.00 72.00 NOTE
r-oldrel-osx-x86_64 0.1-2 NOTE
r-oldrel-windows-ix86+x86_64 0.1-2 11.00 49.00 60.00 NOTE

Check Details

Version: 0.1-2
Check: R code for possible problems
Result: NOTE
    readSEER: no visible global function definition for 'read.fwf'
    Undefined global functions or variables:
     read.fwf
    Consider adding
     importFrom("utils", "read.fwf")
    to your NAMESPACE file.
Flavors: r-devel-linux-x86_64-debian-clang, r-devel-linux-x86_64-debian-gcc, r-devel-linux-x86_64-fedora-clang, r-devel-linux-x86_64-fedora-gcc, r-devel-windows-ix86+x86_64, r-patched-linux-x86_64, r-patched-solaris-x86, r-release-linux-x86_64, r-release-osx-x86_64, r-release-windows-ix86+x86_64, r-oldrel-osx-x86_64, r-oldrel-windows-ix86+x86_64