CRAN Package Check Results for Package USGSstates2k

Last updated on 2020-05-29 17:49:21 CEST.

Flavor Version Tinstall Tcheck Ttotal Status Flags
r-devel-linux-x86_64-debian-clang 1.0.1 3.04 30.07 33.11 OK
r-devel-linux-x86_64-debian-gcc 1.0.1 2.80 23.68 26.48 OK
r-devel-linux-x86_64-fedora-clang 1.0.1 40.63 OK
r-devel-linux-x86_64-fedora-gcc 1.0.1 39.34 OK
r-devel-windows-ix86+x86_64 1.0.1 12.00 61.00 73.00 NOTE
r-patched-linux-x86_64 1.0.1 3.07 30.46 33.53 OK
r-patched-solaris-x86 1.0.1 64.70 OK
r-release-linux-x86_64 1.0.1 3.23 30.54 33.77 OK
r-release-osx-x86_64 1.0.1 OK
r-release-windows-ix86+x86_64 1.0.1 9.00 59.00 68.00 NOTE
r-oldrel-osx-x86_64 1.0.1 OK
r-oldrel-windows-ix86+x86_64 1.0.1 9.00 43.00 52.00 NOTE

Check Details

Version: 1.0.1
Check: DESCRIPTION meta-information
Result: NOTE
    BugReports field should not be empty
Flavors: r-devel-windows-ix86+x86_64, r-release-windows-ix86+x86_64, r-oldrel-windows-ix86+x86_64