CRAN Package Check Results for Package UPG

Last updated on 2021-06-14 08:49:55 CEST.

Flavor Version Tinstall Tcheck Ttotal Status Flags
r-devel-linux-x86_64-debian-clang 0.2.2 105.86 68.92 174.78 OK
r-devel-linux-x86_64-debian-gcc 0.2.2 74.38 52.22 126.60 OK
r-devel-linux-x86_64-fedora-clang 0.2.2 241.08 NOTE
r-devel-linux-x86_64-fedora-gcc 0.2.2 218.30 NOTE
r-devel-windows-x86_64 0.2.2 102.00 103.00 205.00 OK
r-devel-windows-x86_64-gcc10-UCRT 0.2.2 NOTE
r-patched-linux-x86_64 0.2.2 82.89 66.15 149.04 OK
r-patched-solaris-x86 0.2.2 225.00 NOTE
r-release-linux-x86_64 0.2.2 83.53 65.27 148.80 OK
r-release-macos-arm64 0.2.2 NOTE
r-release-macos-x86_64 0.2.2 NOTE
r-release-windows-ix86+x86_64 0.2.2 222.00 138.00 360.00 OK
r-oldrel-macos-x86_64 0.2.2 NOTE
r-oldrel-windows-ix86+x86_64 0.2.2 214.00 134.00 348.00 OK

Check Details

Version: 0.2.2
Check: installed package size
Result: NOTE
     installed size is 6.1Mb
     sub-directories of 1Mb or more:
     libs 5.4Mb
Flavors: r-devel-linux-x86_64-fedora-clang, r-release-macos-arm64, r-release-macos-x86_64, r-oldrel-macos-x86_64

Version: 0.2.2
Check: dependencies in R code
Result: NOTE
    Namespace in Imports field not imported from: ‘RcppProgress’
     All declared Imports should be used.
Flavors: r-devel-linux-x86_64-fedora-clang, r-devel-linux-x86_64-fedora-gcc, r-devel-windows-x86_64-gcc10-UCRT, r-patched-solaris-x86, r-release-macos-arm64, r-release-macos-x86_64, r-oldrel-macos-x86_64