CRAN Package Check Results for Package UNPaC

Last updated on 2021-06-22 09:51:58 CEST.

Flavor Version Tinstall Tcheck Ttotal Status Flags
r-devel-linux-x86_64-debian-clang 1.1.0 2.18 37.69 39.87 NOTE
r-devel-linux-x86_64-debian-gcc 1.1.0 1.57 29.59 31.16 NOTE
r-devel-linux-x86_64-fedora-clang 1.1.0 57.54 NOTE
r-devel-linux-x86_64-fedora-gcc 1.1.0 47.03 NOTE
r-devel-windows-x86_64 1.1.0 3.00 52.00 55.00 NOTE
r-devel-windows-x86_64-gcc10-UCRT 1.1.0 NOTE
r-patched-linux-x86_64 1.1.0 2.28 36.55 38.83 NOTE
r-patched-solaris-x86 1.1.0 72.00 NOTE
r-release-linux-x86_64 1.1.0 2.29 36.70 38.99 NOTE
r-release-macos-arm64 1.1.0 NOTE
r-release-macos-x86_64 1.1.0 NOTE
r-release-windows-ix86+x86_64 1.1.0 5.00 45.00 50.00 NOTE
r-oldrel-macos-x86_64 1.1.0 OK

Check Details

Version: 1.1.0
Check: LazyData
Result: NOTE
     'LazyData' is specified without a 'data' directory
Flavors: r-devel-linux-x86_64-debian-clang, r-devel-linux-x86_64-debian-gcc, r-devel-linux-x86_64-fedora-clang, r-devel-linux-x86_64-fedora-gcc, r-devel-windows-x86_64, r-devel-windows-x86_64-gcc10-UCRT, r-patched-linux-x86_64, r-patched-solaris-x86, r-release-linux-x86_64, r-release-macos-arm64, r-release-macos-x86_64, r-release-windows-ix86+x86_64