CRAN Package Check Results for Package UComp

Last updated on 2021-06-16 09:53:42 CEST.

Flavor Version Tinstall Tcheck Ttotal Status Flags
r-devel-linux-x86_64-debian-clang 2.2 96.18 149.91 246.09 OK
r-devel-linux-x86_64-debian-gcc 2.2 76.30 108.14 184.44 OK
r-devel-linux-x86_64-fedora-clang 2.2.1 300.56 NOTE
r-devel-linux-x86_64-fedora-gcc 2.2.1 280.90 OK
r-devel-windows-x86_64 2.2 105.00 125.00 230.00 OK
r-devel-windows-x86_64-gcc10-UCRT 2.2 OK
r-patched-linux-x86_64 2.2 85.33 118.83 204.16 OK
r-patched-solaris-x86 2.2.1 244.10 OK
r-release-linux-x86_64 2.2 85.38 118.75 204.13 OK
r-release-macos-arm64 2.1.2 NOTE
r-release-macos-x86_64 2.2 NOTE
r-release-windows-ix86+x86_64 2.2 203.00 155.00 358.00 OK
r-oldrel-macos-x86_64 2.2 NOTE
r-oldrel-windows-ix86+x86_64 2.2 200.00 167.00 367.00 OK

Check Details

Version: 2.2.1
Check: installed package size
Result: NOTE
     installed size is 12.2Mb
     sub-directories of 1Mb or more:
     libs 11.8Mb
Flavor: r-devel-linux-x86_64-fedora-clang

Version: 2.1.2
Check: installed package size
Result: NOTE
     installed size is 16.0Mb
     sub-directories of 1Mb or more:
     libs 15.8Mb
Flavor: r-release-macos-arm64

Version: 2.2
Check: installed package size
Result: NOTE
     installed size is 14.4Mb
     sub-directories of 1Mb or more:
     libs 14.0Mb
Flavors: r-release-macos-x86_64, r-oldrel-macos-x86_64