CRAN Package Check Results for Package TreeDist

Last updated on 2021-04-15 09:50:19 CEST.

Flavor Version Tinstall Tcheck Ttotal Status Flags
r-devel-linux-x86_64-debian-clang 2.0.3 80.61 171.25 251.86 NOTE
r-devel-linux-x86_64-debian-gcc 2.0.3 51.14 130.52 181.66 NOTE
r-devel-linux-x86_64-fedora-clang 2.0.3 342.21 NOTE
r-devel-linux-x86_64-fedora-gcc 2.0.3 316.29 NOTE
r-devel-windows-ix86+x86_64 2.0.3 189.00 303.00 492.00 NOTE
r-devel-windows-x86_64-gcc10-UCRT 2.0.3 NOTE
r-patched-linux-x86_64 2.0.3 62.52 166.48 229.00 NOTE
r-patched-solaris-x86 2.0.3 393.50 NOTE
r-release-linux-x86_64 2.0.3 60.00 166.24 226.24 NOTE
r-release-macos-x86_64 2.0.3 NOTE
r-release-windows-ix86+x86_64 2.0.3 180.00 309.00 489.00 NOTE
r-oldrel-macos-x86_64 2.0.3 NOTE
r-oldrel-windows-ix86+x86_64 2.0.3 142.00 198.00 340.00 NOTE

Check Details

Version: 2.0.3
Check: package dependencies
Result: NOTE
    Package suggested but not available for checking: 'TreeDistData'
Flavors: r-devel-linux-x86_64-debian-clang, r-devel-linux-x86_64-debian-gcc, r-devel-linux-x86_64-fedora-clang, r-devel-linux-x86_64-fedora-gcc, r-devel-windows-ix86+x86_64, r-devel-windows-x86_64-gcc10-UCRT, r-patched-linux-x86_64, r-patched-solaris-x86, r-release-linux-x86_64, r-release-macos-x86_64, r-release-windows-ix86+x86_64, r-oldrel-macos-x86_64, r-oldrel-windows-ix86+x86_64

Version: 2.0.3
Check: LazyData
Result: NOTE
     'LazyData' is specified without a 'data' directory
Flavors: r-devel-linux-x86_64-debian-clang, r-devel-linux-x86_64-debian-gcc, r-devel-linux-x86_64-fedora-clang, r-devel-linux-x86_64-fedora-gcc, r-devel-windows-ix86+x86_64, r-devel-windows-x86_64-gcc10-UCRT