CRAN Package Check Results for Package Tplyr

Last updated on 2021-04-15 09:50:19 CEST.

Flavor Version Tinstall Tcheck Ttotal Status Flags
r-devel-linux-x86_64-debian-clang 0.4.0 9.80 184.75 194.55 NOTE
r-devel-linux-x86_64-debian-gcc 0.4.0 7.82 138.90 146.72 NOTE
r-devel-linux-x86_64-fedora-clang 0.4.0 251.54 NOTE
r-devel-linux-x86_64-fedora-gcc 0.4.0 235.49 NOTE
r-devel-windows-ix86+x86_64 0.4.0 21.00 231.00 252.00 NOTE
r-devel-windows-x86_64-gcc10-UCRT 0.4.0 NOTE
r-patched-linux-x86_64 0.4.0 8.66 180.97 189.63 OK
r-patched-solaris-x86 0.4.0 286.60 OK
r-release-linux-x86_64 0.4.0 8.21 182.17 190.38 OK
r-release-macos-x86_64 0.4.0 OK
r-release-windows-ix86+x86_64 0.4.0 28.00 235.00 263.00 OK
r-oldrel-macos-x86_64 0.4.0 OK
r-oldrel-windows-ix86+x86_64 0.4.0 11.00 152.00 163.00 OK

Check Details

Version: 0.4.0
Check: LazyData
Result: NOTE
     'LazyData' is specified without a 'data' directory
Flavors: r-devel-linux-x86_64-debian-clang, r-devel-linux-x86_64-debian-gcc, r-devel-linux-x86_64-fedora-clang, r-devel-linux-x86_64-fedora-gcc, r-devel-windows-ix86+x86_64, r-devel-windows-x86_64-gcc10-UCRT