CRAN Package Check Results for Package TextForecast

Last updated on 2020-03-30 20:48:45 CEST.

Flavor Version Tinstall Tcheck Ttotal Status Flags
r-devel-linux-x86_64-debian-clang 0.1.2 13.20 105.68 118.88 OK
r-devel-linux-x86_64-debian-gcc 0.1.2 9.47 81.66 91.13 OK
r-devel-linux-x86_64-fedora-clang 0.1.2 144.22 NOTE
r-devel-linux-x86_64-fedora-gcc 0.1.2 137.34 NOTE
r-devel-windows-ix86+x86_64 0.1.2 31.00 111.00 142.00 OK
r-devel-windows-ix86+x86_64-gcc8 0.1.2 31.00 115.00 146.00 OK
r-patched-linux-x86_64 0.1.2 11.12 100.68 111.80 OK
r-patched-solaris-x86 0.1.2 245.10 NOTE
r-release-linux-x86_64 0.1.2 10.09 92.41 102.50 OK
r-release-windows-ix86+x86_64 0.1.2 41.00 155.00 196.00 OK
r-release-osx-x86_64 0.1.2 NOTE
r-oldrel-windows-ix86+x86_64 0.1.2 24.00 150.00 174.00 OK
r-oldrel-osx-x86_64 0.1.2 NOTE

Check Details

Version: 0.1.2
Check: dependencies in R code
Result: NOTE
    Namespaces in Imports field not imported from:
     ‘doParallel’ ‘parallel’ ‘tidyr’
     All declared Imports should be used.
Flavors: r-devel-linux-x86_64-fedora-clang, r-devel-linux-x86_64-fedora-gcc, r-patched-solaris-x86, r-release-osx-x86_64, r-oldrel-osx-x86_64

Version: 0.1.2
Check: data for non-ASCII characters
Result: NOTE
     Note: found 40 marked UTF-8 strings
Flavors: r-devel-linux-x86_64-fedora-clang, r-devel-linux-x86_64-fedora-gcc, r-patched-solaris-x86, r-release-osx-x86_64, r-oldrel-osx-x86_64