CRAN Package Check Results for Package TestDimorph

Last updated on 2020-03-30 20:48:45 CEST.

Flavor Version Tinstall Tcheck Ttotal Status Flags
r-devel-linux-x86_64-debian-clang 0.3.0 15.25 132.88 148.13 OK
r-devel-linux-x86_64-debian-gcc 0.3.0 12.17 102.21 114.38 OK
r-devel-linux-x86_64-fedora-clang 0.3.0 191.33 NOTE
r-devel-linux-x86_64-fedora-gcc 0.3.0 173.88 OK
r-devel-windows-ix86+x86_64 0.3.0 34.00 131.00 165.00 OK
r-devel-windows-ix86+x86_64-gcc8 0.3.0 33.00 141.00 174.00 OK
r-patched-linux-x86_64 0.3.0 14.79 127.08 141.87 OK
r-patched-solaris-x86 0.3.0 272.30 OK
r-release-linux-x86_64 0.3.0 11.90 117.01 128.91 OK
r-release-windows-ix86+x86_64 0.3.0 53.00 196.00 249.00 OK
r-release-osx-x86_64 0.3.0 OK
r-oldrel-windows-ix86+x86_64 0.3.0 39.00 140.00 179.00 OK
r-oldrel-osx-x86_64 0.3.0 OK

Check Details

Version: 0.3.0
Check: package dependencies
Result: NOTE
    Imports includes 21 non-default packages.
    Importing from so many packages makes the package vulnerable to any of
    them becoming unavailable. Move as many as possible to Suggests and
    use conditionally.
Flavor: r-devel-linux-x86_64-fedora-clang