CRAN Package Check Results for Package TcGSA

Last updated on 2020-03-30 20:48:45 CEST.

Flavor Version Tinstall Tcheck Ttotal Status Flags
r-devel-linux-x86_64-debian-clang 0.12.7 16.39 118.77 135.16 OK
r-devel-linux-x86_64-debian-gcc 0.12.7 13.16 90.79 103.95 OK
r-devel-linux-x86_64-fedora-clang 0.12.7 161.97 OK
r-devel-linux-x86_64-fedora-gcc 0.12.7 156.51 OK
r-devel-windows-ix86+x86_64 0.12.7 35.00 116.00 151.00 WARN
r-devel-windows-ix86+x86_64-gcc8 0.12.7 30.00 117.00 147.00 WARN
r-patched-linux-x86_64 0.12.7 15.84 112.79 128.63 OK
r-patched-solaris-x86 0.12.7 236.10 OK
r-release-linux-x86_64 0.12.7 13.37 102.28 115.65 OK
r-release-windows-ix86+x86_64 0.12.7 44.00 173.00 217.00 OK
r-release-osx-x86_64 0.12.7 OK
r-oldrel-windows-ix86+x86_64 0.12.7 28.00 158.00 186.00 OK
r-oldrel-osx-x86_64 0.12.7 OK

Check Details

Version: 0.12.7
Check: whether package can be installed
Result: WARN
    Found the following significant warnings:
     Warning: multiple methods tables found for 'plot'
Flavors: r-devel-windows-ix86+x86_64, r-devel-windows-ix86+x86_64-gcc8