CRAN Package Check Results for Package TSPred

Last updated on 2021-06-20 09:50:12 CEST.

Flavor Version Tinstall Tcheck Ttotal Status Flags
r-devel-linux-x86_64-debian-clang 5.1 9.60 83.99 93.59 OK
r-devel-linux-x86_64-debian-gcc 5.1 7.75 60.42 68.17 OK
r-devel-linux-x86_64-fedora-clang 5.1 119.06 NOTE
r-devel-linux-x86_64-fedora-gcc 5.1 106.52 NOTE
r-devel-windows-x86_64 5.1 14.00 114.00 128.00 OK
r-devel-windows-x86_64-gcc10-UCRT 5.1 ERROR
r-patched-linux-x86_64 5.1 15.60 79.30 94.90 OK
r-patched-solaris-x86 5.1 138.30 NOTE
r-release-linux-x86_64 5.1 8.42 80.19 88.61 OK
r-release-macos-arm64 5.1 NOTE
r-release-macos-x86_64 5.1 NOTE
r-release-windows-ix86+x86_64 5.1 16.00 107.00 123.00 OK
r-oldrel-macos-x86_64 5.1 NOTE
r-oldrel-windows-ix86+x86_64 5.1 15.00 110.00 125.00 OK

Check Details

Version: 5.1
Check: dependencies in R code
Result: NOTE
    Namespaces in Imports field not imported from:
     ‘EMD’ ‘vars’
     All declared Imports should be used.
Flavors: r-devel-linux-x86_64-fedora-clang, r-devel-linux-x86_64-fedora-gcc, r-patched-solaris-x86, r-release-macos-arm64, r-release-macos-x86_64, r-oldrel-macos-x86_64

Version: 5.1
Check: package dependencies
Result: ERROR
    Package required but not available: 'forecast'
    
    See section 'The DESCRIPTION file' in the 'Writing R Extensions'
    manual.
Flavor: r-devel-windows-x86_64-gcc10-UCRT