CRAN Package Check Results for Package TR8

Last updated on 2021-04-15 09:50:19 CEST.

Flavor Version Tinstall Tcheck Ttotal Status Flags
r-devel-linux-x86_64-debian-clang 0.9.22 11.83 108.44 120.27 OK
r-devel-linux-x86_64-debian-gcc 0.9.22 9.46 81.84 91.30 OK
r-devel-linux-x86_64-fedora-clang 0.9.22 153.23 NOTE
r-devel-linux-x86_64-fedora-gcc 0.9.22 140.82 NOTE
r-devel-windows-ix86+x86_64 0.9.22 28.00 134.00 162.00 OK
r-devel-windows-x86_64-gcc10-UCRT 0.9.22 NOTE
r-patched-linux-x86_64 0.9.22 10.31 102.40 112.71 OK
r-patched-solaris-x86 0.9.22 207.30 NOTE
r-release-linux-x86_64 0.9.22 9.82 102.13 111.95 OK
r-release-macos-x86_64 0.9.22 NOTE
r-release-windows-ix86+x86_64 0.9.22 28.00 140.00 168.00 OK
r-oldrel-macos-x86_64 0.9.22 NOTE
r-oldrel-windows-ix86+x86_64 0.9.22 16.00 92.00 108.00 OK

Check Details

Version: 0.9.22
Check: data for non-ASCII characters
Result: NOTE
     Note: found 153 marked Latin-1 strings
     Note: found 108 marked UTF-8 strings
Flavors: r-devel-linux-x86_64-fedora-clang, r-devel-linux-x86_64-fedora-gcc, r-devel-windows-x86_64-gcc10-UCRT, r-patched-solaris-x86, r-release-macos-x86_64, r-oldrel-macos-x86_64