CRAN Package Check Results for Package TOC

Last updated on 2020-05-29 17:49:20 CEST.

Flavor Version Tinstall Tcheck Ttotal Status Flags
r-devel-linux-x86_64-debian-clang 0.0-5 8.78 83.70 92.48 OK
r-devel-linux-x86_64-debian-gcc 0.0-5 9.04 65.02 74.06 OK
r-devel-linux-x86_64-fedora-clang 0.0-5 115.63 WARN
r-devel-linux-x86_64-fedora-gcc 0.0-5 115.45 OK
r-devel-windows-ix86+x86_64 0.0-5 24.00 105.00 129.00 OK
r-patched-linux-x86_64 0.0-5 10.97 82.44 93.41 OK
r-patched-solaris-x86 0.0-5 171.70 OK
r-release-linux-x86_64 0.0-5 10.39 81.59 91.98 OK
r-release-osx-x86_64 0.0-5 OK
r-release-windows-ix86+x86_64 0.0-5 21.00 112.00 133.00 OK
r-oldrel-osx-x86_64 0.0-5 OK
r-oldrel-windows-ix86+x86_64 0.0-5 23.00 88.00 111.00 OK

Check Details

Version: 0.0-5
Check: package dependencies
Result: WARN
    Requires orphaned package: ‘bit’
Flavor: r-devel-linux-x86_64-fedora-clang