CRAN Package Check Results for Package TH.data

Last updated on 2020-03-30 20:48:45 CEST.

Flavor Version Tinstall Tcheck Ttotal Status Flags
r-devel-linux-x86_64-debian-clang 1.0-10 5.82 31.01 36.83 OK
r-devel-linux-x86_64-debian-gcc 1.0-10 5.19 23.95 29.14 OK
r-devel-linux-x86_64-fedora-clang 1.0-10 44.31 NOTE
r-devel-linux-x86_64-fedora-gcc 1.0-10 44.02 OK
r-devel-windows-ix86+x86_64 1.0-10 15.00 39.00 54.00 NOTE
r-devel-windows-ix86+x86_64-gcc8 1.0-10 11.00 41.00 52.00 NOTE
r-patched-linux-x86_64 1.0-10 6.77 29.72 36.49 OK
r-patched-solaris-x86 1.0-10 72.70 NOTE
r-release-linux-x86_64 1.0-10 4.98 27.29 32.27 OK
r-release-windows-ix86+x86_64 1.0-10 15.00 55.00 70.00 NOTE
r-release-osx-x86_64 1.0-10 NOTE
r-oldrel-windows-ix86+x86_64 1.0-10 10.00 55.00 65.00 NOTE
r-oldrel-osx-x86_64 1.0-10 NOTE

Check Details

Version: 1.0-10
Check: installed package size
Result: NOTE
     installed size is 8.5Mb
     sub-directories of 1Mb or more:
     data 1.2Mb
     rda 7.1Mb
Flavors: r-devel-linux-x86_64-fedora-clang, r-devel-windows-ix86+x86_64, r-devel-windows-ix86+x86_64-gcc8, r-patched-solaris-x86, r-release-windows-ix86+x86_64, r-release-osx-x86_64, r-oldrel-windows-ix86+x86_64, r-oldrel-osx-x86_64